{"id":9,"date":"2020-09-08T14:53:16","date_gmt":"2020-09-08T14:53:16","guid":{"rendered":"http:\/\/didatticainclusione.events.unibz.it\/?page_id=9"},"modified":"2021-09-05T17:28:29","modified_gmt":"2021-09-05T17:28:29","slug":"call-for-paper","status":"publish","type":"page","link":"https:\/\/didatticainclusione.events.unibz.it\/?page_id=9","title":{"rendered":"Call for papers 2020"},"content":{"rendered":"\n<h2 class=\"wp-block-heading\"><strong>La call for papers \u00e8 chiusa.<\/strong><\/h2>\n\n\n\n<div style=\"height:20px\" aria-hidden=\"true\" class=\"wp-block-spacer\"><\/div>\n\n\n\n<hr class=\"wp-block-separator\"\/>\n\n\n\n<div style=\"height:23px\" aria-hidden=\"true\" class=\"wp-block-spacer\"><\/div>\n\n\n\n<h3 class=\"wp-block-heading\">La direzione scientifica annuncia la Call for Papers per il Convegno<\/h3>\n\n\n\n<div style=\"height:20px\" aria-hidden=\"true\" class=\"wp-block-spacer\"><\/div>\n\n\n\n<h3 class=\"wp-block-heading\"><span class=\"has-inline-color has-vivid-green-cyan-color\">\u201cDIDATTICA E INCLUSIONE SCOLASTICA. NON UNO DI MENO\u201d<\/span><\/h3>\n\n\n\n<div style=\"height:20px\" aria-hidden=\"true\" class=\"wp-block-spacer\"><\/div>\n\n\n\n<h3 class=\"wp-block-heading\">organizzato dalla Facolt\u00e0 di Scienze della Formazione della Libera Universit\u00e0 di Bolzano che si terr\u00e0 dal 16 al 30 novembre 2020.<\/h3>\n\n\n\n<div style=\"height:54px\" aria-hidden=\"true\" class=\"wp-block-spacer\"><\/div>\n\n\n\n<p>Il Convegno ha l\u2019obiettivo di condividere e diffondere le pi\u00f9 innovative ricerche e pratiche didattiche che contribuiscano alla realizzazione dell\u2019inclusione scolastica di qualit\u00e0. Verranno presentati e discussi metodologie e strumenti che sostengono l\u2019apprendimento e la partecipazione in un ambiente inclusivo.<\/p>\n\n\n\n<p>Insegnanti, ricercatori, educatori e altre figure impegnate nella costruzione, sperimentazione e\/o riflessione di strumenti, pratiche e\/o metodologie per una didattica inclusiva sono invitati a presentare propri lavori.<\/p>\n\n\n\n<p>Pi\u00f9 nello specifico, in questa edizione si accolgono contributi sulle seguenti tematiche:<\/p>\n\n\n\n<ol class=\"wp-block-list\" type=\"1\"><li>Differenziazione didattica<\/li><li>Didattica digitale inclusiva<\/li><li>Innovare il PEI per migliorare l\u2019inclusione<\/li><li>Valutazione inclusiva<\/li><li>Risorsa dei compagni di classe per l\u2019inclusione<\/li><li>Libri e letture inclusivi<\/li><\/ol>\n\n\n\n<p>E\u2019 possibile presentare due tipi di elaborati:<\/p>\n\n\n\n<ul class=\"wp-block-list\"><li>Buone prassi: resoconto di massimo 6000 caratteri (spazi inclusi) di esperienze e progetti, attivit\u00e0 concrete di didattica inclusiva in ambito scolastico, documentate secondo lo schema (allegato A).<\/li><li>Ricerche: paper scientifico di massimo 6000 caratteri (spazi inclusi) che documenta risultati di ricerca sul tema della didattica inclusiva, redatto secondo lo schema (allegato B).<\/li><\/ul>\n\n\n\n<h4 class=\"wp-block-heading\"><span class=\"has-inline-color has-vivid-green-cyan-color\">REGOLE PER LA PRESENTAZIONE DEI MATERIALI<\/span><\/h4>\n\n\n\n<p>Gli autori che vorranno presentare un contributo sono tenuti ad inviare un abstract nel formato indicato: allegato A per le buone prassi, allegato B per le ricerche.<\/p>\n\n\n\n<p>I contributi devono essere salvati e inviati in due formati: Word e PDF. Il nome del file dovr\u00e0 essere composto da: Cognome del primo autore_una parola chiave fondamentale<\/p>\n\n\n\n<p>I contributi vanno inviati via mail all\u2019indirizzo: <a href=\"mailto:Silver.Cappello@unibz.it\">Silver.Cappello@unibz.it<\/a> &nbsp;entro la mezzanotte di domenica 25 ottobre 2020.<\/p>\n\n\n\n<h4 class=\"wp-block-heading\"><span class=\"has-inline-color has-vivid-green-cyan-color\">CRITERI DI SELEZIONE<\/span><\/h4>\n\n\n\n<p>Il Comitato Scientifico del Convegno sceglier\u00e0 gli elaborati che saranno presentati al Convegno tenendo conto dei criteri elencati qui in seguito.<\/p>\n\n\n\n<p>Nel caso delle buone prassi (allegato A):<\/p>\n\n\n\n<ul class=\"wp-block-list\"><li>pertinenza (rispetto alle 6 tematiche indicate nella call)<\/li><li>chiarezza della descrizione<\/li><li>coerenza interna (per esempio, degli interventi rispetto agli obiettivi)<\/li><li>replicabilit\u00e0 dell\u2019esperienza<\/li><\/ul>\n\n\n\n<p>&nbsp;Nel caso delle ricerche (allegato B)<\/p>\n\n\n\n<ul class=\"wp-block-list\"><li>pertinenza (rispetto alle 6 tematiche indicate nella call)<\/li><li>chiarezza dello stato dell\u2019arte e dei riferimenti teorici<\/li><li>coerenza della metodologia di ricerca<\/li><li>impatto scientifico dei risultati<\/li><\/ul>\n\n\n\n<h4 class=\"wp-block-heading\"><span class=\"has-inline-color has-vivid-green-cyan-color\">ESITO DELLA SELEZIONE<\/span><\/h4>\n\n\n\n<p>L\u2019esito della selezione verr\u00e0 comunicato via mail all\u2019autore principale del paper entro domenica 8 novembre 2020.<\/p>\n\n\n\n<p>A seguito della comunicazione dell\u2019accettazione dell\u2019elaborato, sar\u00e0 responsabilit\u00e0 dell\u2019autore principale confermare tempestivamente la propria partecipazione.<\/p>\n\n\n\n<h4 class=\"wp-block-heading\"><span class=\"has-inline-color has-vivid-green-cyan-color\">LA PRESENTAZIONE DELL\u2019ELABORATO NEL WORKSHOP<\/span><\/h4>\n\n\n\n<p>I paper selezionati saranno presentati all\u2019interno dei workshop del Convegno sabato 21 novembre 2021, durante la mattinata. I workshop sono organizzati in modalit\u00e0 \u201ca distanza\u201d.&nbsp;<\/p>\n\n\n\n<p>L\u2019autore principale dovr\u00e0 collegarsi in modalit\u00e0 telematica al workshop e presentare il proprio elaborato, eventualmente insieme ad altri coautori. La presentazione del lavoro durer\u00e0 approssimativamente 20 minuti.<\/p>\n\n\n\n<p><strong>ALLEGATO A<\/strong><\/p>\n\n\n\n<p><strong>TITOLO DELLA PRESENTAZIONE:<\/strong><\/p>\n\n\n\n<p><strong>AUTORE PRINCIPALE<\/strong>: (nome, indirizzo mail, istituzione di riferimento)<\/p>\n\n\n\n<p><strong>COAUTORI<\/strong>: (nome, indirizzo mail, istituzione di riferimento)<\/p>\n\n\n\n<p>1. Descrizione della sezione\/della classe (numero di alunni, caratteristiche degli alunni, docenti che lavorano col gruppo, collaborazioni con altre figure educative, &#8230;)<\/p>\n\n\n\n<p>2.Descrizione del contesto (contesto socio-culturale in cui \u00e8 inserita la sezione\/la classe: scuola grande\/piccola, citt\u00e0\/paese, tipo di quartiere,&#8230;)<\/p>\n\n\n\n<p>3.Obiettivi dell\u2019attivit\u00e0\/progetto<\/p>\n\n\n\n<p>4.Descrizione dell\u2019attivit\u00e0\/progetto<\/p>\n\n\n\n<p>5.Risultati raggiunti\/valutazione finale<\/p>\n\n\n\n<p>6.Materiali prodotti che saranno presentati al convegno (video, foto, giochi, schede di attivit\u00e0,&#8230;)<\/p>\n\n\n\n<p>D<strong>OCUMENTAZIONE<\/strong>: indicazioni su fonti presso cui \u00e8\/sar\u00e0 possibile reperire informazioni sull\u2019attivit\u00e0 e progetto<\/p>\n\n\n\n<p>massimo: 6000 caratteri, spazi inclusi<\/p>\n\n\n\n<p><strong>ALLEGATO B<\/strong><\/p>\n\n\n\n<p><strong>TITOLO DELLA PRESENTAZIONE<\/strong>:<\/p>\n\n\n\n<p><strong>AUTORE PRINCIPALE<\/strong>: (nome, indirizzo mail, istituzione di riferimento)<\/p>\n\n\n\n<p>C<strong>OAUTORI<\/strong>: (nome, indirizzo mail, istituzione di riferimento)<\/p>\n\n\n\n<p>1.Stato dell\u2019arte(riferimenti teorici) e obiettivi della ricerca<\/p>\n\n\n\n<p>2.Metodologie di ricerca, strumenti di raccolta e analisi dei dati, fasi del progetto<\/p>\n\n\n\n<p>3.Risultati, conclusioni e prospettive<\/p>\n\n\n\n<p>4.Materiali prodotti che saranno presentati al convegno (strumenti, materiali didattici, video, foto, &#8230;)<\/p>\n\n\n\n<p><strong>BIBLIOGRAFIA<\/strong>:<\/p>\n\n\n\n<p><strong>PUBBLICAZIONI<\/strong>:<\/p>\n\n\n\n<p>(gi\u00e0 pubblicate o previste, riferite alla ricerca descritta)<\/p>\n\n\n\n<p>massimo: 6000 caratteri, spazi inclusi<\/p>\n","protected":false},"excerpt":{"rendered":"<p>La call for papers \u00e8 chiusa. La direzione scientifica annuncia la Call for Papers per il Convegno \u201cDIDATTICA E INCLUSIONE SCOLASTICA. NON UNO DI MENO\u201d organizzato dalla Facolt\u00e0 di Scienze della Formazione della Libera Universit\u00e0 di Bolzano che si terr\u00e0 dal 16 al 30 novembre 2020. Il Convegno ha l\u2019obiettivo [&hellip;]<\/p>\n","protected":false},"author":5,"featured_media":23,"parent":0,"menu_order":1,"comment_status":"closed","ping_status":"closed","template":"","meta":{"footnotes":""},"class_list":["post-9","page","type-page","status-publish","has-post-thumbnail","hentry"],"yoast_head":"<!-- This site is optimized with the Yoast SEO plugin v27.4 - https:\/\/yoast.com\/product\/yoast-seo-wordpress\/ -->\n<title>Call for papers 2020 - Didattica e inclusione scolastica<\/title>\n<meta name=\"robots\" content=\"index, follow, max-snippet:-1, max-image-preview:large, max-video-preview:-1\" \/>\n<link rel=\"canonical\" href=\"https:\/\/didatticainclusione.events.unibz.it\/?page_id=9\" \/>\n<meta property=\"og:locale\" content=\"en_US\" \/>\n<meta property=\"og:type\" content=\"article\" \/>\n<meta property=\"og:title\" content=\"Call for papers 2020 - Didattica e inclusione scolastica\" \/>\n<meta property=\"og:description\" content=\"La call for papers \u00e8 chiusa. La direzione scientifica annuncia la Call for Papers per il Convegno \u201cDIDATTICA E INCLUSIONE SCOLASTICA. NON UNO DI MENO\u201d organizzato dalla Facolt\u00e0 di Scienze della Formazione della Libera Universit\u00e0 di Bolzano che si terr\u00e0 dal 16 al 30 novembre 2020. Il Convegno ha l\u2019obiettivo [&hellip;]\" \/>\n<meta property=\"og:url\" content=\"https:\/\/didatticainclusione.events.unibz.it\/?page_id=9\" \/>\n<meta property=\"og:site_name\" content=\"Didattica e inclusione scolastica\" \/>\n<meta property=\"article:modified_time\" content=\"2021-09-05T17:28:29+00:00\" \/>\n<meta property=\"og:image\" content=\"http:\/\/didatticainclusione.events.unibz.it\/wp-content\/uploads\/2020\/09\/dis20-image-e1600623955475.jpg\" \/>\n\t<meta property=\"og:image:width\" content=\"800\" \/>\n\t<meta property=\"og:image:height\" content=\"600\" \/>\n\t<meta property=\"og:image:type\" content=\"image\/jpeg\" \/>\n<meta name=\"twitter:card\" content=\"summary_large_image\" \/>\n<meta name=\"twitter:label1\" content=\"Est. reading time\" \/>\n\t<meta name=\"twitter:data1\" content=\"3 minutes\" \/>\n<script type=\"application\/ld+json\" class=\"yoast-schema-graph\">{\"@context\":\"https:\\\/\\\/schema.org\",\"@graph\":[{\"@type\":\"WebPage\",\"@id\":\"https:\\\/\\\/didatticainclusione.events.unibz.it\\\/?page_id=9\",\"url\":\"https:\\\/\\\/didatticainclusione.events.unibz.it\\\/?page_id=9\",\"name\":\"Call for papers 2020 - Didattica e inclusione scolastica\",\"isPartOf\":{\"@id\":\"https:\\\/\\\/didatticainclusione.events.unibz.it\\\/#website\"},\"primaryImageOfPage\":{\"@id\":\"https:\\\/\\\/didatticainclusione.events.unibz.it\\\/?page_id=9#primaryimage\"},\"image\":{\"@id\":\"https:\\\/\\\/didatticainclusione.events.unibz.it\\\/?page_id=9#primaryimage\"},\"thumbnailUrl\":\"https:\\\/\\\/didatticainclusione.events.unibz.it\\\/wp-content\\\/uploads\\\/2020\\\/09\\\/dis20-image-e1600623955475.jpg\",\"datePublished\":\"2020-09-08T14:53:16+00:00\",\"dateModified\":\"2021-09-05T17:28:29+00:00\",\"breadcrumb\":{\"@id\":\"https:\\\/\\\/didatticainclusione.events.unibz.it\\\/?page_id=9#breadcrumb\"},\"inLanguage\":\"en-US\",\"potentialAction\":[{\"@type\":\"ReadAction\",\"target\":[\"https:\\\/\\\/didatticainclusione.events.unibz.it\\\/?page_id=9\"]}]},{\"@type\":\"ImageObject\",\"inLanguage\":\"en-US\",\"@id\":\"https:\\\/\\\/didatticainclusione.events.unibz.it\\\/?page_id=9#primaryimage\",\"url\":\"https:\\\/\\\/didatticainclusione.events.unibz.it\\\/wp-content\\\/uploads\\\/2020\\\/09\\\/dis20-image-e1600623955475.jpg\",\"contentUrl\":\"https:\\\/\\\/didatticainclusione.events.unibz.it\\\/wp-content\\\/uploads\\\/2020\\\/09\\\/dis20-image-e1600623955475.jpg\",\"width\":800,\"height\":600},{\"@type\":\"BreadcrumbList\",\"@id\":\"https:\\\/\\\/didatticainclusione.events.unibz.it\\\/?page_id=9#breadcrumb\",\"itemListElement\":[{\"@type\":\"ListItem\",\"position\":1,\"name\":\"Home\",\"item\":\"https:\\\/\\\/didatticainclusione.events.unibz.it\\\/\"},{\"@type\":\"ListItem\",\"position\":2,\"name\":\"Call for papers 2020\"}]},{\"@type\":\"WebSite\",\"@id\":\"https:\\\/\\\/didatticainclusione.events.unibz.it\\\/#website\",\"url\":\"https:\\\/\\\/didatticainclusione.events.unibz.it\\\/\",\"name\":\"Didattica e inclusione scolastica\",\"description\":\"Just another WordPress site\",\"potentialAction\":[{\"@type\":\"SearchAction\",\"target\":{\"@type\":\"EntryPoint\",\"urlTemplate\":\"https:\\\/\\\/didatticainclusione.events.unibz.it\\\/?s={search_term_string}\"},\"query-input\":{\"@type\":\"PropertyValueSpecification\",\"valueRequired\":true,\"valueName\":\"search_term_string\"}}],\"inLanguage\":\"en-US\"}]}<\/script>\n<!-- \/ Yoast SEO plugin. -->","yoast_head_json":{"title":"Call for papers 2020 - Didattica e inclusione scolastica","robots":{"index":"index","follow":"follow","max-snippet":"max-snippet:-1","max-image-preview":"max-image-preview:large","max-video-preview":"max-video-preview:-1"},"canonical":"https:\/\/didatticainclusione.events.unibz.it\/?page_id=9","og_locale":"en_US","og_type":"article","og_title":"Call for papers 2020 - Didattica e inclusione scolastica","og_description":"La call for papers \u00e8 chiusa. La direzione scientifica annuncia la Call for Papers per il Convegno \u201cDIDATTICA E INCLUSIONE SCOLASTICA. NON UNO DI MENO\u201d organizzato dalla Facolt\u00e0 di Scienze della Formazione della Libera Universit\u00e0 di Bolzano che si terr\u00e0 dal 16 al 30 novembre 2020. Il Convegno ha l\u2019obiettivo [&hellip;]","og_url":"https:\/\/didatticainclusione.events.unibz.it\/?page_id=9","og_site_name":"Didattica e inclusione scolastica","article_modified_time":"2021-09-05T17:28:29+00:00","og_image":[{"width":800,"height":600,"url":"http:\/\/didatticainclusione.events.unibz.it\/wp-content\/uploads\/2020\/09\/dis20-image-e1600623955475.jpg","type":"image\/jpeg"}],"twitter_card":"summary_large_image","twitter_misc":{"Est. reading time":"3 minutes"},"schema":{"@context":"https:\/\/schema.org","@graph":[{"@type":"WebPage","@id":"https:\/\/didatticainclusione.events.unibz.it\/?page_id=9","url":"https:\/\/didatticainclusione.events.unibz.it\/?page_id=9","name":"Call for papers 2020 - Didattica e inclusione scolastica","isPartOf":{"@id":"https:\/\/didatticainclusione.events.unibz.it\/#website"},"primaryImageOfPage":{"@id":"https:\/\/didatticainclusione.events.unibz.it\/?page_id=9#primaryimage"},"image":{"@id":"https:\/\/didatticainclusione.events.unibz.it\/?page_id=9#primaryimage"},"thumbnailUrl":"https:\/\/didatticainclusione.events.unibz.it\/wp-content\/uploads\/2020\/09\/dis20-image-e1600623955475.jpg","datePublished":"2020-09-08T14:53:16+00:00","dateModified":"2021-09-05T17:28:29+00:00","breadcrumb":{"@id":"https:\/\/didatticainclusione.events.unibz.it\/?page_id=9#breadcrumb"},"inLanguage":"en-US","potentialAction":[{"@type":"ReadAction","target":["https:\/\/didatticainclusione.events.unibz.it\/?page_id=9"]}]},{"@type":"ImageObject","inLanguage":"en-US","@id":"https:\/\/didatticainclusione.events.unibz.it\/?page_id=9#primaryimage","url":"https:\/\/didatticainclusione.events.unibz.it\/wp-content\/uploads\/2020\/09\/dis20-image-e1600623955475.jpg","contentUrl":"https:\/\/didatticainclusione.events.unibz.it\/wp-content\/uploads\/2020\/09\/dis20-image-e1600623955475.jpg","width":800,"height":600},{"@type":"BreadcrumbList","@id":"https:\/\/didatticainclusione.events.unibz.it\/?page_id=9#breadcrumb","itemListElement":[{"@type":"ListItem","position":1,"name":"Home","item":"https:\/\/didatticainclusione.events.unibz.it\/"},{"@type":"ListItem","position":2,"name":"Call for papers 2020"}]},{"@type":"WebSite","@id":"https:\/\/didatticainclusione.events.unibz.it\/#website","url":"https:\/\/didatticainclusione.events.unibz.it\/","name":"Didattica e inclusione scolastica","description":"Just another WordPress site","potentialAction":[{"@type":"SearchAction","target":{"@type":"EntryPoint","urlTemplate":"https:\/\/didatticainclusione.events.unibz.it\/?s={search_term_string}"},"query-input":{"@type":"PropertyValueSpecification","valueRequired":true,"valueName":"search_term_string"}}],"inLanguage":"en-US"}]}},"_links":{"self":[{"href":"https:\/\/didatticainclusione.events.unibz.it\/index.php?rest_route=\/wp\/v2\/pages\/9","targetHints":{"allow":["GET"]}}],"collection":[{"href":"https:\/\/didatticainclusione.events.unibz.it\/index.php?rest_route=\/wp\/v2\/pages"}],"about":[{"href":"https:\/\/didatticainclusione.events.unibz.it\/index.php?rest_route=\/wp\/v2\/types\/page"}],"author":[{"embeddable":true,"href":"https:\/\/didatticainclusione.events.unibz.it\/index.php?rest_route=\/wp\/v2\/users\/5"}],"replies":[{"embeddable":true,"href":"https:\/\/didatticainclusione.events.unibz.it\/index.php?rest_route=%2Fwp%2Fv2%2Fcomments&post=9"}],"version-history":[{"count":13,"href":"https:\/\/didatticainclusione.events.unibz.it\/index.php?rest_route=\/wp\/v2\/pages\/9\/revisions"}],"predecessor-version":[{"id":492,"href":"https:\/\/didatticainclusione.events.unibz.it\/index.php?rest_route=\/wp\/v2\/pages\/9\/revisions\/492"}],"wp:featuredmedia":[{"embeddable":true,"href":"https:\/\/didatticainclusione.events.unibz.it\/index.php?rest_route=\/wp\/v2\/media\/23"}],"wp:attachment":[{"href":"https:\/\/didatticainclusione.events.unibz.it\/index.php?rest_route=%2Fwp%2Fv2%2Fmedia&parent=9"}],"curies":[{"name":"wp","href":"https:\/\/api.w.org\/{rel}","templated":true}]}}