{"id":385,"date":"2021-04-15T17:12:10","date_gmt":"2021-04-15T17:12:10","guid":{"rendered":"https:\/\/didatticainclusione.events.unibz.it\/?page_id=385"},"modified":"2021-09-23T12:40:36","modified_gmt":"2021-09-23T12:40:36","slug":"die-wissenschaftliche-leitung-veroffentlicht-hiermit-den-call-for-papers-fur-die-vii-konferenz","status":"publish","type":"page","link":"https:\/\/didatticainclusione.events.unibz.it\/?page_id=385&lang=de","title":{"rendered":"Die Konferenz 2021"},"content":{"rendered":"\n<div style=\"height:30px\" aria-hidden=\"true\" class=\"wp-block-spacer\"><\/div>\n\n\n\n<figure class=\"wp-block-pullquote\"><blockquote><p><strong><span style=\"color:#bb7a4c\" class=\"has-inline-color\">DIDATTICA E INCLUSIONE SCOLASTICA \u2013 INKLUSION IM BILDUNGSBEREICH<br>Emergenze educative. Neue Horizonte<\/span><\/strong><\/p><\/blockquote><\/figure>\n\n\n\n<p>Die Ungleichheiten im Bildungsbereich, die durch die Pandemie zutage getreten sind, machen deutlich, dass nach Alternativen gesucht werden muss, um neue Horizonte zu erschlie\u00dfen. Mit dieser Konferenz m\u00f6chten wir einen Beitrag zu diesem Weg in Richtung einer gerechteren Schule f\u00fcr alle leisten. Unser Ziel ist es, die innovativsten Forschungen, Bildungsangebote und Lernsituationen aus Kindergarten und Schule, die zur Verwirklichung einer hochwertigen schulischen Inklusion beitragen, miteinander zu teilen und zu verbreiten.<br><\/p>\n\n\n\n<p>Dies sind einige der Themen, die behandelt werden:<\/p>\n\n\n\n<ul class=\"wp-block-list\"><li>Inklusive Schulentwicklung<\/li><li>Der hybride Klassenraum: Schule im Wechsel zwischen Fern- und Pr\u00e4senzunterricht<\/li><li>Zusammenarbeit f\u00fcr Inklusion: im Klassenraum, in der Schule, im Netzwerk<\/li><li>Inklusive Lern- und Bildungsdokumentation und Leistungsbeurteilung<\/li><li>Umgang mit herausforderndem Verhalten<\/li><li>Spielbasierte Didaktik: Das inklusive Spiel<\/li><li>\u00dcberg\u00e4nge, Orientierung und Lebensplanung<\/li><li>Unterschiede wertsch\u00e4tzen, Gemeinsamkeiten suchen<\/li><\/ul>\n\n\n\n<div style=\"height:25px\" aria-hidden=\"true\" class=\"wp-block-spacer\"><\/div>\n\n\n\n<p>In einem Wechsel von Plenarvortr\u00e4gen, Vertiefungsbeitr\u00e4gen, Forschungsarbeiten und bew\u00e4hrten Praktiken werden Methoden und Instrumente vorgestellt und diskutiert, die das Lernen und die Partizipation in einer inklusiven Umgebung unterst\u00fctzen. Lehrpersonen, Erzieherinnen und Erzieher, Forscherende und alle, die an der Entwicklung, Erprobung und Reflexion inklusiver Bildungskonzepte und -praktiken beteiligt sind, sind herzlich eingeladen.<\/p>\n\n\n\n<p><br>Die Konferenz findet vom 15. bis 29. Oktober 2021 in Form von drei Online-Treffen statt:<\/p>\n\n\n\n<ul class=\"wp-block-list\"><li>Er\u00f6ffnungsplenum am Nachmittag des 15. Oktobers<\/li><li>Pr\u00e4sentation der Beitr\u00e4ge in unterschiedlichen Themenr\u00e4umen am Vormittag des 23. Oktobers<\/li><li>Abschlussplenum am Nachmittag des 29. Oktobers<\/li><\/ul>\n\n\n\n<p>Seit diesem Jahr wird die Konferenz vom Kompetenzzentrum f\u00fcr Inklusion im Bildungsbereich der UNIBZ organisiert und geht damit den Schritt in Richtung Zweisprachigkeit (Italienisch\/Deutsch), indem sie sich dem deutschen Sprachraum \u00f6ffnet. Die Teilnehmenden k\u00f6nnen w\u00e4hlen, ob sie der Konferenz nur in italienischer, nur in deutscher oder aber in beiden Sprachen folgen m\u00f6chten.<\/p>\n\n\n\n<div style=\"height:50px\" aria-hidden=\"true\" class=\"wp-block-spacer\"><\/div>\n\n\n\n<p class=\"has-text-align-right\">Eine Veranstaltung des <a href=\"https:\/\/www.unibz.it\/de\/home\/research\/competence-center-for-school-inclusion\/\">Kompetenzzentrums f\u00fcr Inklusion im Bildungsbereich der Freien Universit\u00e4t Bozen<\/a>:<\/p>\n\n\n\n<p class=\"has-text-align-right\">Petra Auer,&nbsp;Rosa&nbsp;Bellacicco, Silver Cappello, Silvia Dell\u2019Anna,&nbsp;Heidrun&nbsp;Demo, Enrico Angelo Emili, Dario&nbsp;Ianes, Vanessa Macchia, Simone&nbsp;Seitz<\/p>\n\n\n\n<p class=\"has-text-align-right\">Organisation: Heidrun&nbsp;Demo, Vanessa Macchia und Silver Cappello<\/p>\n\n\n\n<p><\/p>\n","protected":false},"excerpt":{"rendered":"<p>DIDATTICA E INCLUSIONE SCOLASTICA \u2013 INKLUSION IM BILDUNGSBEREICHEmergenze educative. Neue Horizonte Die Ungleichheiten im Bildungsbereich, die durch die Pandemie zutage getreten sind, machen deutlich, dass nach Alternativen gesucht werden muss, um neue Horizonte zu erschlie\u00dfen. Mit dieser Konferenz m\u00f6chten wir einen Beitrag zu diesem Weg in Richtung einer gerechteren Schule [&hellip;]<\/p>\n","protected":false},"author":5,"featured_media":356,"parent":0,"menu_order":1,"comment_status":"closed","ping_status":"closed","template":"","meta":{"footnotes":""},"class_list":["post-385","page","type-page","status-publish","has-post-thumbnail","hentry"],"yoast_head":"<!-- This site is optimized with the Yoast SEO plugin v27.4 - https:\/\/yoast.com\/product\/yoast-seo-wordpress\/ -->\n<title>Die Konferenz 2021 - Didattica e inclusione scolastica<\/title>\n<meta name=\"robots\" content=\"index, follow, max-snippet:-1, max-image-preview:large, max-video-preview:-1\" \/>\n<link rel=\"canonical\" href=\"https:\/\/didatticainclusione.events.unibz.it\/?page_id=385&lang=de\" \/>\n<meta property=\"og:locale\" content=\"en_US\" \/>\n<meta property=\"og:type\" content=\"article\" \/>\n<meta property=\"og:title\" content=\"Die Konferenz 2021 - Didattica e inclusione scolastica\" \/>\n<meta property=\"og:description\" content=\"DIDATTICA E INCLUSIONE SCOLASTICA \u2013 INKLUSION IM BILDUNGSBEREICHEmergenze educative. Neue Horizonte Die Ungleichheiten im Bildungsbereich, die durch die Pandemie zutage getreten sind, machen deutlich, dass nach Alternativen gesucht werden muss, um neue Horizonte zu erschlie\u00dfen. Mit dieser Konferenz m\u00f6chten wir einen Beitrag zu diesem Weg in Richtung einer gerechteren Schule [&hellip;]\" \/>\n<meta property=\"og:url\" content=\"https:\/\/didatticainclusione.events.unibz.it\/?page_id=385&amp;lang=de\" \/>\n<meta property=\"og:site_name\" content=\"Didattica e inclusione scolastica\" \/>\n<meta property=\"article:modified_time\" content=\"2021-09-23T12:40:36+00:00\" \/>\n<meta property=\"og:image\" content=\"https:\/\/didatticainclusione.events.unibz.it\/wp-content\/uploads\/2021\/04\/2021-04-14_DIS_RGB_4-scaled-e1630922593541.jpg\" \/>\n\t<meta property=\"og:image:width\" content=\"2560\" \/>\n\t<meta property=\"og:image:height\" content=\"1707\" \/>\n\t<meta property=\"og:image:type\" content=\"image\/jpeg\" \/>\n<meta name=\"twitter:card\" content=\"summary_large_image\" \/>\n<meta name=\"twitter:label1\" content=\"Est. reading time\" \/>\n\t<meta name=\"twitter:data1\" content=\"2 minutes\" \/>\n<script type=\"application\/ld+json\" class=\"yoast-schema-graph\">{\"@context\":\"https:\\\/\\\/schema.org\",\"@graph\":[{\"@type\":\"WebPage\",\"@id\":\"https:\\\/\\\/didatticainclusione.events.unibz.it\\\/?page_id=385&lang=de\",\"url\":\"https:\\\/\\\/didatticainclusione.events.unibz.it\\\/?page_id=385&lang=de\",\"name\":\"Die Konferenz 2021 - Didattica e inclusione scolastica\",\"isPartOf\":{\"@id\":\"https:\\\/\\\/didatticainclusione.events.unibz.it\\\/#website\"},\"primaryImageOfPage\":{\"@id\":\"https:\\\/\\\/didatticainclusione.events.unibz.it\\\/?page_id=385&lang=de#primaryimage\"},\"image\":{\"@id\":\"https:\\\/\\\/didatticainclusione.events.unibz.it\\\/?page_id=385&lang=de#primaryimage\"},\"thumbnailUrl\":\"https:\\\/\\\/didatticainclusione.events.unibz.it\\\/wp-content\\\/uploads\\\/2021\\\/04\\\/2021-04-14_DIS_RGB_4-scaled-e1630922593541.jpg\",\"datePublished\":\"2021-04-15T17:12:10+00:00\",\"dateModified\":\"2021-09-23T12:40:36+00:00\",\"breadcrumb\":{\"@id\":\"https:\\\/\\\/didatticainclusione.events.unibz.it\\\/?page_id=385&lang=de#breadcrumb\"},\"inLanguage\":\"en-US\",\"potentialAction\":[{\"@type\":\"ReadAction\",\"target\":[\"https:\\\/\\\/didatticainclusione.events.unibz.it\\\/?page_id=385&lang=de\"]}]},{\"@type\":\"ImageObject\",\"inLanguage\":\"en-US\",\"@id\":\"https:\\\/\\\/didatticainclusione.events.unibz.it\\\/?page_id=385&lang=de#primaryimage\",\"url\":\"https:\\\/\\\/didatticainclusione.events.unibz.it\\\/wp-content\\\/uploads\\\/2021\\\/04\\\/2021-04-14_DIS_RGB_4-scaled-e1630922593541.jpg\",\"contentUrl\":\"https:\\\/\\\/didatticainclusione.events.unibz.it\\\/wp-content\\\/uploads\\\/2021\\\/04\\\/2021-04-14_DIS_RGB_4-scaled-e1630922593541.jpg\",\"width\":2560,\"height\":1707},{\"@type\":\"BreadcrumbList\",\"@id\":\"https:\\\/\\\/didatticainclusione.events.unibz.it\\\/?page_id=385&lang=de#breadcrumb\",\"itemListElement\":[{\"@type\":\"ListItem\",\"position\":1,\"name\":\"Home\",\"item\":\"https:\\\/\\\/didatticainclusione.events.unibz.it\\\/\"},{\"@type\":\"ListItem\",\"position\":2,\"name\":\"Die Konferenz 2021\"}]},{\"@type\":\"WebSite\",\"@id\":\"https:\\\/\\\/didatticainclusione.events.unibz.it\\\/#website\",\"url\":\"https:\\\/\\\/didatticainclusione.events.unibz.it\\\/\",\"name\":\"Didattica e inclusione scolastica\",\"description\":\"Just another WordPress site\",\"potentialAction\":[{\"@type\":\"SearchAction\",\"target\":{\"@type\":\"EntryPoint\",\"urlTemplate\":\"https:\\\/\\\/didatticainclusione.events.unibz.it\\\/?s={search_term_string}\"},\"query-input\":{\"@type\":\"PropertyValueSpecification\",\"valueRequired\":true,\"valueName\":\"search_term_string\"}}],\"inLanguage\":\"en-US\"}]}<\/script>\n<!-- \/ Yoast SEO plugin. -->","yoast_head_json":{"title":"Die Konferenz 2021 - Didattica e inclusione scolastica","robots":{"index":"index","follow":"follow","max-snippet":"max-snippet:-1","max-image-preview":"max-image-preview:large","max-video-preview":"max-video-preview:-1"},"canonical":"https:\/\/didatticainclusione.events.unibz.it\/?page_id=385&lang=de","og_locale":"en_US","og_type":"article","og_title":"Die Konferenz 2021 - Didattica e inclusione scolastica","og_description":"DIDATTICA E INCLUSIONE SCOLASTICA \u2013 INKLUSION IM BILDUNGSBEREICHEmergenze educative. Neue Horizonte Die Ungleichheiten im Bildungsbereich, die durch die Pandemie zutage getreten sind, machen deutlich, dass nach Alternativen gesucht werden muss, um neue Horizonte zu erschlie\u00dfen. Mit dieser Konferenz m\u00f6chten wir einen Beitrag zu diesem Weg in Richtung einer gerechteren Schule [&hellip;]","og_url":"https:\/\/didatticainclusione.events.unibz.it\/?page_id=385&lang=de","og_site_name":"Didattica e inclusione scolastica","article_modified_time":"2021-09-23T12:40:36+00:00","og_image":[{"width":2560,"height":1707,"url":"https:\/\/didatticainclusione.events.unibz.it\/wp-content\/uploads\/2021\/04\/2021-04-14_DIS_RGB_4-scaled-e1630922593541.jpg","type":"image\/jpeg"}],"twitter_card":"summary_large_image","twitter_misc":{"Est. reading time":"2 minutes"},"schema":{"@context":"https:\/\/schema.org","@graph":[{"@type":"WebPage","@id":"https:\/\/didatticainclusione.events.unibz.it\/?page_id=385&lang=de","url":"https:\/\/didatticainclusione.events.unibz.it\/?page_id=385&lang=de","name":"Die Konferenz 2021 - Didattica e inclusione scolastica","isPartOf":{"@id":"https:\/\/didatticainclusione.events.unibz.it\/#website"},"primaryImageOfPage":{"@id":"https:\/\/didatticainclusione.events.unibz.it\/?page_id=385&lang=de#primaryimage"},"image":{"@id":"https:\/\/didatticainclusione.events.unibz.it\/?page_id=385&lang=de#primaryimage"},"thumbnailUrl":"https:\/\/didatticainclusione.events.unibz.it\/wp-content\/uploads\/2021\/04\/2021-04-14_DIS_RGB_4-scaled-e1630922593541.jpg","datePublished":"2021-04-15T17:12:10+00:00","dateModified":"2021-09-23T12:40:36+00:00","breadcrumb":{"@id":"https:\/\/didatticainclusione.events.unibz.it\/?page_id=385&lang=de#breadcrumb"},"inLanguage":"en-US","potentialAction":[{"@type":"ReadAction","target":["https:\/\/didatticainclusione.events.unibz.it\/?page_id=385&lang=de"]}]},{"@type":"ImageObject","inLanguage":"en-US","@id":"https:\/\/didatticainclusione.events.unibz.it\/?page_id=385&lang=de#primaryimage","url":"https:\/\/didatticainclusione.events.unibz.it\/wp-content\/uploads\/2021\/04\/2021-04-14_DIS_RGB_4-scaled-e1630922593541.jpg","contentUrl":"https:\/\/didatticainclusione.events.unibz.it\/wp-content\/uploads\/2021\/04\/2021-04-14_DIS_RGB_4-scaled-e1630922593541.jpg","width":2560,"height":1707},{"@type":"BreadcrumbList","@id":"https:\/\/didatticainclusione.events.unibz.it\/?page_id=385&lang=de#breadcrumb","itemListElement":[{"@type":"ListItem","position":1,"name":"Home","item":"https:\/\/didatticainclusione.events.unibz.it\/"},{"@type":"ListItem","position":2,"name":"Die Konferenz 2021"}]},{"@type":"WebSite","@id":"https:\/\/didatticainclusione.events.unibz.it\/#website","url":"https:\/\/didatticainclusione.events.unibz.it\/","name":"Didattica e inclusione scolastica","description":"Just another WordPress site","potentialAction":[{"@type":"SearchAction","target":{"@type":"EntryPoint","urlTemplate":"https:\/\/didatticainclusione.events.unibz.it\/?s={search_term_string}"},"query-input":{"@type":"PropertyValueSpecification","valueRequired":true,"valueName":"search_term_string"}}],"inLanguage":"en-US"}]}},"_links":{"self":[{"href":"https:\/\/didatticainclusione.events.unibz.it\/index.php?rest_route=\/wp\/v2\/pages\/385","targetHints":{"allow":["GET"]}}],"collection":[{"href":"https:\/\/didatticainclusione.events.unibz.it\/index.php?rest_route=\/wp\/v2\/pages"}],"about":[{"href":"https:\/\/didatticainclusione.events.unibz.it\/index.php?rest_route=\/wp\/v2\/types\/page"}],"author":[{"embeddable":true,"href":"https:\/\/didatticainclusione.events.unibz.it\/index.php?rest_route=\/wp\/v2\/users\/5"}],"replies":[{"embeddable":true,"href":"https:\/\/didatticainclusione.events.unibz.it\/index.php?rest_route=%2Fwp%2Fv2%2Fcomments&post=385"}],"version-history":[{"count":25,"href":"https:\/\/didatticainclusione.events.unibz.it\/index.php?rest_route=\/wp\/v2\/pages\/385\/revisions"}],"predecessor-version":[{"id":659,"href":"https:\/\/didatticainclusione.events.unibz.it\/index.php?rest_route=\/wp\/v2\/pages\/385\/revisions\/659"}],"wp:featuredmedia":[{"embeddable":true,"href":"https:\/\/didatticainclusione.events.unibz.it\/index.php?rest_route=\/wp\/v2\/media\/356"}],"wp:attachment":[{"href":"https:\/\/didatticainclusione.events.unibz.it\/index.php?rest_route=%2Fwp%2Fv2%2Fmedia&parent=385"}],"curies":[{"name":"wp","href":"https:\/\/api.w.org\/{rel}","templated":true}]}}

<div style="height:30px" aria-hidden="true" class="wp-block-spacer"></div>



<figure class="wp-block-pullquote"><blockquote><p><strong><span style="color:#bb7a4c" class="has-inline-color">DIDATTICA E INCLUSIONE SCOLASTICA – INKLUSION IM BILDUNGSBEREICH<br>Emergenze educative. Neue Horizonte</span></strong></p></blockquote></figure>



<p>Die Ungleichheiten im Bildungsbereich, die durch die Pandemie zutage getreten sind, machen deutlich, dass nach Alternativen gesucht werden muss, um neue Horizonte zu erschließen. Mit dieser Konferenz möchten wir einen Beitrag zu diesem Weg in Richtung einer gerechteren Schule für alle leisten. Unser Ziel ist es, die innovativsten Forschungen, Bildungsangebote und Lernsituationen aus Kindergarten und Schule, die zur Verwirklichung einer hochwertigen schulischen Inklusion beitragen, miteinander zu teilen und zu verbreiten.<br></p>



<p>Dies sind einige der Themen, die behandelt werden:</p>



<ul class="wp-block-list"><li>Inklusive Schulentwicklung</li><li>Der hybride Klassenraum: Schule im Wechsel zwischen Fern- und Präsenzunterricht</li><li>Zusammenarbeit für Inklusion: im Klassenraum, in der Schule, im Netzwerk</li><li>Inklusive Lern- und Bildungsdokumentation und Leistungsbeurteilung</li><li>Umgang mit herausforderndem Verhalten</li><li>Spielbasierte Didaktik: Das inklusive Spiel</li><li>Übergänge, Orientierung und Lebensplanung</li><li>Unterschiede wertschätzen, Gemeinsamkeiten suchen</li></ul>



<div style="height:25px" aria-hidden="true" class="wp-block-spacer"></div>



<p>In einem Wechsel von Plenarvorträgen, Vertiefungsbeiträgen, Forschungsarbeiten und bewährten Praktiken werden Methoden und Instrumente vorgestellt und diskutiert, die das Lernen und die Partizipation in einer inklusiven Umgebung unterstützen. Lehrpersonen, Erzieherinnen und Erzieher, Forscherende und alle, die an der Entwicklung, Erprobung und Reflexion inklusiver Bildungskonzepte und -praktiken beteiligt sind, sind herzlich eingeladen.</p>



<p><br>Die Konferenz findet vom 15. bis 29. Oktober 2021 in Form von drei Online-Treffen statt:</p>



<ul class="wp-block-list"><li>Eröffnungsplenum am Nachmittag des 15. Oktobers</li><li>Präsentation der Beiträge in unterschiedlichen Themenräumen am Vormittag des 23. Oktobers</li><li>Abschlussplenum am Nachmittag des 29. Oktobers</li></ul>



<p>Seit diesem Jahr wird die Konferenz vom Kompetenzzentrum für Inklusion im Bildungsbereich der UNIBZ organisiert und geht damit den Schritt in Richtung Zweisprachigkeit (Italienisch/Deutsch), indem sie sich dem deutschen Sprachraum öffnet. Die Teilnehmenden können wählen, ob sie der Konferenz nur in italienischer, nur in deutscher oder aber in beiden Sprachen folgen möchten.</p>



<div style="height:50px" aria-hidden="true" class="wp-block-spacer"></div>



<p class="has-text-align-right">Eine Veranstaltung des <a href="https://www.unibz.it/de/home/research/competence-center-for-school-inclusion/">Kompetenzzentrums für Inklusion im Bildungsbereich der Freien Universität Bozen</a>:</p>



<p class="has-text-align-right">Petra Auer,&nbsp;Rosa&nbsp;Bellacicco, Silver Cappello, Silvia Dell’Anna,&nbsp;Heidrun&nbsp;Demo, Enrico Angelo Emili, Dario&nbsp;Ianes, Vanessa Macchia, Simone&nbsp;Seitz</p>



<p class="has-text-align-right">Organisation: Heidrun&nbsp;Demo, Vanessa Macchia und Silver Cappello</p>



<p></p>

<p>DIDATTICA E INCLUSIONE SCOLASTICA – INKLUSION IM BILDUNGSBEREICHEmergenze educative. Neue Horizonte Die Ungleichheiten im Bildungsbereich, die durch die Pandemie zutage getreten sind, machen deutlich, dass nach Alternativen gesucht werden muss, um neue Horizonte zu erschließen. Mit dieser Konferenz möchten wir einen Beitrag zu diesem Weg in Richtung einer gerechteren Schule [&hellip;]</p>

<!-- This site is optimized with the Yoast SEO plugin v27.4 - https://yoast.com/product/yoast-seo-wordpress/ -->
<title>Die Konferenz 2021 - Didattica e inclusione scolastica</title>
<meta name="robots" content="index, follow, max-snippet:-1, max-image-preview:large, max-video-preview:-1" />
<link rel="canonical" href="https://didatticainclusione.events.unibz.it/?page_id=385&lang=de" />
<meta property="og:locale" content="en_US" />
<meta property="og:type" content="article" />
<meta property="og:title" content="Die Konferenz 2021 - Didattica e inclusione scolastica" />
<meta property="og:description" content="DIDATTICA E INCLUSIONE SCOLASTICA – INKLUSION IM BILDUNGSBEREICHEmergenze educative. Neue Horizonte Die Ungleichheiten im Bildungsbereich, die durch die Pandemie zutage getreten sind, machen deutlich, dass nach Alternativen gesucht werden muss, um neue Horizonte zu erschließen. Mit dieser Konferenz möchten wir einen Beitrag zu diesem Weg in Richtung einer gerechteren Schule [&hellip;]" />
<meta property="og:url" content="https://didatticainclusione.events.unibz.it/?page_id=385&amp;lang=de" />
<meta property="og:site_name" content="Didattica e inclusione scolastica" />
<meta property="article:modified_time" content="2021-09-23T12:40:36+00:00" />
<meta property="og:image" content="https://didatticainclusione.events.unibz.it/wp-content/uploads/2021/04/2021-04-14_DIS_RGB_4-scaled-e1630922593541.jpg" />
	<meta property="og:image:width" content="2560" />
	<meta property="og:image:height" content="1707" />
	<meta property="og:image:type" content="image/jpeg" />
<meta name="twitter:card" content="summary_large_image" />
<meta name="twitter:label1" content="Est. reading time" />
	<meta name="twitter:data1" content="2 minutes" />
<script type="application/ld+json" class="yoast-schema-graph">{"@context":"https:\/\/schema.org","@graph":[{"@type":"WebPage","@id":"https:\/\/didatticainclusione.events.unibz.it\/?page_id=385&lang=de","url":"https:\/\/didatticainclusione.events.unibz.it\/?page_id=385&lang=de","name":"Die Konferenz 2021 - Didattica e inclusione scolastica","isPartOf":{"@id":"https:\/\/didatticainclusione.events.unibz.it\/#website"},"primaryImageOfPage":{"@id":"https:\/\/didatticainclusione.events.unibz.it\/?page_id=385&lang=de#primaryimage"},"image":{"@id":"https:\/\/didatticainclusione.events.unibz.it\/?page_id=385&lang=de#primaryimage"},"thumbnailUrl":"https:\/\/didatticainclusione.events.unibz.it\/wp-content\/uploads\/2021\/04\/2021-04-14_DIS_RGB_4-scaled-e1630922593541.jpg","datePublished":"2021-04-15T17:12:10+00:00","dateModified":"2021-09-23T12:40:36+00:00","breadcrumb":{"@id":"https:\/\/didatticainclusione.events.unibz.it\/?page_id=385&lang=de#breadcrumb"},"inLanguage":"en-US","potentialAction":[{"@type":"ReadAction","target":["https:\/\/didatticainclusione.events.unibz.it\/?page_id=385&lang=de"]}]},{"@type":"ImageObject","inLanguage":"en-US","@id":"https:\/\/didatticainclusione.events.unibz.it\/?page_id=385&lang=de#primaryimage","url":"https:\/\/didatticainclusione.events.unibz.it\/wp-content\/uploads\/2021\/04\/2021-04-14_DIS_RGB_4-scaled-e1630922593541.jpg","contentUrl":"https:\/\/didatticainclusione.events.unibz.it\/wp-content\/uploads\/2021\/04\/2021-04-14_DIS_RGB_4-scaled-e1630922593541.jpg","width":2560,"height":1707},{"@type":"BreadcrumbList","@id":"https:\/\/didatticainclusione.events.unibz.it\/?page_id=385&lang=de#breadcrumb","itemListElement":[{"@type":"ListItem","position":1,"name":"Home","item":"https:\/\/didatticainclusione.events.unibz.it\/"},{"@type":"ListItem","position":2,"name":"Die Konferenz 2021"}]},{"@type":"WebSite","@id":"https:\/\/didatticainclusione.events.unibz.it\/#website","url":"https:\/\/didatticainclusione.events.unibz.it\/","name":"Didattica e inclusione scolastica","description":"Just another WordPress site","potentialAction":[{"@type":"SearchAction","target":{"@type":"EntryPoint","urlTemplate":"https:\/\/didatticainclusione.events.unibz.it\/?s={search_term_string}"},"query-input":{"@type":"PropertyValueSpecification","valueRequired":true,"valueName":"search_term_string"}}],"inLanguage":"en-US"}]}</script>
<!-- / Yoast SEO plugin. -->

DIDATTICA E INCLUSIONE SCOLASTICA – INKLUSION IM BILDUNGSBEREICHEmergenze educative. Neue Horizonte Die Ungleichheiten im Bildungsbereich, die durch die Pandemie zutage getreten sind, machen deutlich, dass nach Alternativen gesucht werden muss, um neue Horizonte zu erschließen. Mit dieser Konferenz möchten wir einen Beitrag zu diesem Weg in Richtung einer gerechteren Schule [&hellip;]
