{"id":319,"date":"2021-03-26T11:07:24","date_gmt":"2021-03-26T11:07:24","guid":{"rendered":"https:\/\/didatticainclusione.events.unibz.it\/?page_id=319"},"modified":"2021-09-08T10:49:38","modified_gmt":"2021-09-08T10:49:38","slug":"il-convegno-2021","status":"publish","type":"page","link":"https:\/\/didatticainclusione.events.unibz.it\/?page_id=319","title":{"rendered":"Il convegno 2021"},"content":{"rendered":"\n<div style=\"height:30px\" aria-hidden=\"true\" class=\"wp-block-spacer\"><\/div>\n\n\n\n<h3 class=\"wp-block-heading\"><\/h3>\n\n\n\n<figure class=\"wp-block-pullquote\"><blockquote><p><strong><span style=\"color:#c5804e\" class=\"has-inline-color\">DIDATTICA E INCLUSIONE SCOLASTICA &#8211; INKLUSION IM BILDUNGSBEREICH<br>Emergenze educative. Neue Horizonte <\/span><\/strong><\/p><\/blockquote><\/figure>\n\n\n\n<p>Le disuguaglianze educative che la pandemia ha reso evidenti indicano con chiarezza la necessit\u00e0 di cercare delle alternative, alla ricerca di nuovi orizzonti. In questo convegno desideriamo contribuire a questo cammino verso una scuola pi\u00f9 equa per tutte e per tutti. Il nostro obiettivo \u00e8 quello di condividere e diffondere le pi\u00f9 innovative ricerche e pratiche didattiche che contribuiscano alla realizzazione dell\u2019inclusione scolastica di qualit\u00e0.<\/p>\n\n\n\n<p>Queste sono alcune delle tematiche che saranno trattate:<\/p>\n\n\n\n<ul class=\"wp-block-list\"><li>Valutazione, miglioramento e sviluppi inclusivi<\/li><li>Fra casa e scuola: la didattica digitale integrata<\/li><li>La collaborazione inclusiva in classe, a scuola e in rete<\/li><li>La documentazione e la valutazione inclusiva<\/li><li>La gestione dei comportamenti sfidanti<\/li><li>Pedagogia del gioco: il gioco inclusivo<\/li><li>Transizioni, orientamento e progetto di vita<\/li><li>Valorizzare le differenze, ricercare le comunanze<\/li><\/ul>\n\n\n\n<div style=\"height:25px\" aria-hidden=\"true\" class=\"wp-block-spacer\"><\/div>\n\n\n\n<p>In un\u2019alternanza di relazioni plenarie, approfondimenti, paper di ricerca e buone prassi saranno presentati e discussi metodologie e strumenti che sostengono l\u2019apprendimento e la partecipazione in un ambiente inclusivo. Insegnanti, educatrici ed educatori, ricercatori e ricercatrici e altre figure impegnate nella costruzione, sperimentazione e riflessione di politiche e pratiche per una didattica inclusiva sono invitati a partecipare.<\/p>\n\n\n\n<div style=\"height:25px\" aria-hidden=\"true\" class=\"wp-block-spacer\"><\/div>\n\n\n\n<p>Il Convegno si terr\u00e0 dal 15 al 29 ottobre 2021 e prevede tre momenti online:<\/p>\n\n\n\n<ul class=\"wp-block-list\"><li>la plenaria di apertura nel pomeriggio del 15 ottobre;<\/li><li>la continuazione nella mattinata di sabato 23 ottobre;<\/li><li>la plenaria di chiusura nel pomeriggio del 29 ottobre.<\/li><\/ul>\n\n\n\n<p>A partire da questo anno il convegno \u00e8 organizzato dal Centro di Competenza sull\u2019Inclusione Scolastica di UNIBZ e si apre al mondo di lingua tedesca diventando bilingue (italiano\/tedesco). I partecipanti potranno scegliere se seguire un percorso nella sola lingua italiana, nella sola lingua tedesca o in entrambe.<\/p>\n\n\n\n<div style=\"height:100px\" aria-hidden=\"true\" class=\"wp-block-spacer\"><\/div>\n\n\n\n<p class=\"has-text-align-right\">Evento a cura del <a href=\"https:\/\/www.unibz.it\/it\/home\/research\/competence-center-for-school-inclusion\/\">Centro di Competenza per l\u2019Inclusione Scolastica della Libera Universit\u00e0 di Bolzano<\/a>:<\/p>\n\n\n\n<p class=\"has-text-align-right\">Petra Auer,&nbsp;Rosa&nbsp;Bellacicco, Silver Cappello, Silvia Dell\u2019Anna, Heidrun&nbsp;Demo, Enrico Angelo Emili, Dario&nbsp;Ianes, Vanessa Macchia, Simone&nbsp;Seitz<\/p>\n\n\n\n<p class=\"has-text-align-right\">Organizzazione: Heidrun&nbsp;Demo, Vanessa Macchia e Silver Cappello<\/p>\n\n\n\n<div style=\"height:30px\" aria-hidden=\"true\" class=\"wp-block-spacer\"><\/div>\n\n\n\n<div style=\"height:30px\" aria-hidden=\"true\" class=\"wp-block-spacer\"><\/div>\n\n\n\n<div style=\"height:30px\" aria-hidden=\"true\" class=\"wp-block-spacer\"><\/div>\n\n\n\n<div style=\"height:30px\" aria-hidden=\"true\" class=\"wp-block-spacer\"><\/div>\n\n\n\n<div style=\"height:30px\" aria-hidden=\"true\" class=\"wp-block-spacer\"><\/div>\n\n\n\n<p><br><\/p>\n\n\n\n<div style=\"height:60px\" aria-hidden=\"true\" class=\"wp-block-spacer\"><\/div>\n\n\n\n<p class=\"has-text-align-right\"><\/p>\n\n\n\n<p class=\"has-text-align-right\"><\/p>\n","protected":false},"excerpt":{"rendered":"<p>DIDATTICA E INCLUSIONE SCOLASTICA &#8211; INKLUSION IM BILDUNGSBEREICHEmergenze educative. Neue Horizonte Le disuguaglianze educative che la pandemia ha reso evidenti indicano con chiarezza la necessit\u00e0 di cercare delle alternative, alla ricerca di nuovi orizzonti. In questo convegno desideriamo contribuire a questo cammino verso una scuola pi\u00f9 equa per tutte e [&hellip;]<\/p>\n","protected":false},"author":5,"featured_media":356,"parent":0,"menu_order":1,"comment_status":"closed","ping_status":"closed","template":"","meta":{"footnotes":""},"class_list":["post-319","page","type-page","status-publish","has-post-thumbnail","hentry"],"yoast_head":"<!-- This site is optimized with the Yoast SEO plugin v27.4 - https:\/\/yoast.com\/product\/yoast-seo-wordpress\/ -->\n<title>Il convegno 2021 - Didattica e inclusione scolastica<\/title>\n<meta name=\"robots\" content=\"index, follow, max-snippet:-1, max-image-preview:large, max-video-preview:-1\" \/>\n<link rel=\"canonical\" href=\"https:\/\/didatticainclusione.events.unibz.it\/?page_id=319\" \/>\n<meta property=\"og:locale\" content=\"en_US\" \/>\n<meta property=\"og:type\" content=\"article\" \/>\n<meta property=\"og:title\" content=\"Il convegno 2021 - Didattica e inclusione scolastica\" \/>\n<meta property=\"og:description\" content=\"DIDATTICA E INCLUSIONE SCOLASTICA &#8211; INKLUSION IM BILDUNGSBEREICHEmergenze educative. Neue Horizonte Le disuguaglianze educative che la pandemia ha reso evidenti indicano con chiarezza la necessit\u00e0 di cercare delle alternative, alla ricerca di nuovi orizzonti. In questo convegno desideriamo contribuire a questo cammino verso una scuola pi\u00f9 equa per tutte e [&hellip;]\" \/>\n<meta property=\"og:url\" content=\"https:\/\/didatticainclusione.events.unibz.it\/?page_id=319\" \/>\n<meta property=\"og:site_name\" content=\"Didattica e inclusione scolastica\" \/>\n<meta property=\"article:modified_time\" content=\"2021-09-08T10:49:38+00:00\" \/>\n<meta property=\"og:image\" content=\"https:\/\/didatticainclusione.events.unibz.it\/wp-content\/uploads\/2021\/04\/2021-04-14_DIS_RGB_4-scaled-e1630922593541.jpg\" \/>\n\t<meta property=\"og:image:width\" content=\"2560\" \/>\n\t<meta property=\"og:image:height\" content=\"1707\" \/>\n\t<meta property=\"og:image:type\" content=\"image\/jpeg\" \/>\n<meta name=\"twitter:card\" content=\"summary_large_image\" \/>\n<meta name=\"twitter:label1\" content=\"Est. reading time\" \/>\n\t<meta name=\"twitter:data1\" content=\"2 minutes\" \/>\n<script type=\"application\/ld+json\" class=\"yoast-schema-graph\">{\"@context\":\"https:\\\/\\\/schema.org\",\"@graph\":[{\"@type\":\"WebPage\",\"@id\":\"https:\\\/\\\/didatticainclusione.events.unibz.it\\\/?page_id=319\",\"url\":\"https:\\\/\\\/didatticainclusione.events.unibz.it\\\/?page_id=319\",\"name\":\"Il convegno 2021 - Didattica e inclusione scolastica\",\"isPartOf\":{\"@id\":\"https:\\\/\\\/didatticainclusione.events.unibz.it\\\/#website\"},\"primaryImageOfPage\":{\"@id\":\"https:\\\/\\\/didatticainclusione.events.unibz.it\\\/?page_id=319#primaryimage\"},\"image\":{\"@id\":\"https:\\\/\\\/didatticainclusione.events.unibz.it\\\/?page_id=319#primaryimage\"},\"thumbnailUrl\":\"https:\\\/\\\/didatticainclusione.events.unibz.it\\\/wp-content\\\/uploads\\\/2021\\\/04\\\/2021-04-14_DIS_RGB_4-scaled-e1630922593541.jpg\",\"datePublished\":\"2021-03-26T11:07:24+00:00\",\"dateModified\":\"2021-09-08T10:49:38+00:00\",\"breadcrumb\":{\"@id\":\"https:\\\/\\\/didatticainclusione.events.unibz.it\\\/?page_id=319#breadcrumb\"},\"inLanguage\":\"en-US\",\"potentialAction\":[{\"@type\":\"ReadAction\",\"target\":[\"https:\\\/\\\/didatticainclusione.events.unibz.it\\\/?page_id=319\"]}]},{\"@type\":\"ImageObject\",\"inLanguage\":\"en-US\",\"@id\":\"https:\\\/\\\/didatticainclusione.events.unibz.it\\\/?page_id=319#primaryimage\",\"url\":\"https:\\\/\\\/didatticainclusione.events.unibz.it\\\/wp-content\\\/uploads\\\/2021\\\/04\\\/2021-04-14_DIS_RGB_4-scaled-e1630922593541.jpg\",\"contentUrl\":\"https:\\\/\\\/didatticainclusione.events.unibz.it\\\/wp-content\\\/uploads\\\/2021\\\/04\\\/2021-04-14_DIS_RGB_4-scaled-e1630922593541.jpg\",\"width\":2560,\"height\":1707},{\"@type\":\"BreadcrumbList\",\"@id\":\"https:\\\/\\\/didatticainclusione.events.unibz.it\\\/?page_id=319#breadcrumb\",\"itemListElement\":[{\"@type\":\"ListItem\",\"position\":1,\"name\":\"Home\",\"item\":\"https:\\\/\\\/didatticainclusione.events.unibz.it\\\/\"},{\"@type\":\"ListItem\",\"position\":2,\"name\":\"Il convegno 2021\"}]},{\"@type\":\"WebSite\",\"@id\":\"https:\\\/\\\/didatticainclusione.events.unibz.it\\\/#website\",\"url\":\"https:\\\/\\\/didatticainclusione.events.unibz.it\\\/\",\"name\":\"Didattica e inclusione scolastica\",\"description\":\"Just another WordPress site\",\"potentialAction\":[{\"@type\":\"SearchAction\",\"target\":{\"@type\":\"EntryPoint\",\"urlTemplate\":\"https:\\\/\\\/didatticainclusione.events.unibz.it\\\/?s={search_term_string}\"},\"query-input\":{\"@type\":\"PropertyValueSpecification\",\"valueRequired\":true,\"valueName\":\"search_term_string\"}}],\"inLanguage\":\"en-US\"}]}<\/script>\n<!-- \/ Yoast SEO plugin. -->","yoast_head_json":{"title":"Il convegno 2021 - Didattica e inclusione scolastica","robots":{"index":"index","follow":"follow","max-snippet":"max-snippet:-1","max-image-preview":"max-image-preview:large","max-video-preview":"max-video-preview:-1"},"canonical":"https:\/\/didatticainclusione.events.unibz.it\/?page_id=319","og_locale":"en_US","og_type":"article","og_title":"Il convegno 2021 - Didattica e inclusione scolastica","og_description":"DIDATTICA E INCLUSIONE SCOLASTICA &#8211; INKLUSION IM BILDUNGSBEREICHEmergenze educative. Neue Horizonte Le disuguaglianze educative che la pandemia ha reso evidenti indicano con chiarezza la necessit\u00e0 di cercare delle alternative, alla ricerca di nuovi orizzonti. In questo convegno desideriamo contribuire a questo cammino verso una scuola pi\u00f9 equa per tutte e [&hellip;]","og_url":"https:\/\/didatticainclusione.events.unibz.it\/?page_id=319","og_site_name":"Didattica e inclusione scolastica","article_modified_time":"2021-09-08T10:49:38+00:00","og_image":[{"width":2560,"height":1707,"url":"https:\/\/didatticainclusione.events.unibz.it\/wp-content\/uploads\/2021\/04\/2021-04-14_DIS_RGB_4-scaled-e1630922593541.jpg","type":"image\/jpeg"}],"twitter_card":"summary_large_image","twitter_misc":{"Est. reading time":"2 minutes"},"schema":{"@context":"https:\/\/schema.org","@graph":[{"@type":"WebPage","@id":"https:\/\/didatticainclusione.events.unibz.it\/?page_id=319","url":"https:\/\/didatticainclusione.events.unibz.it\/?page_id=319","name":"Il convegno 2021 - Didattica e inclusione scolastica","isPartOf":{"@id":"https:\/\/didatticainclusione.events.unibz.it\/#website"},"primaryImageOfPage":{"@id":"https:\/\/didatticainclusione.events.unibz.it\/?page_id=319#primaryimage"},"image":{"@id":"https:\/\/didatticainclusione.events.unibz.it\/?page_id=319#primaryimage"},"thumbnailUrl":"https:\/\/didatticainclusione.events.unibz.it\/wp-content\/uploads\/2021\/04\/2021-04-14_DIS_RGB_4-scaled-e1630922593541.jpg","datePublished":"2021-03-26T11:07:24+00:00","dateModified":"2021-09-08T10:49:38+00:00","breadcrumb":{"@id":"https:\/\/didatticainclusione.events.unibz.it\/?page_id=319#breadcrumb"},"inLanguage":"en-US","potentialAction":[{"@type":"ReadAction","target":["https:\/\/didatticainclusione.events.unibz.it\/?page_id=319"]}]},{"@type":"ImageObject","inLanguage":"en-US","@id":"https:\/\/didatticainclusione.events.unibz.it\/?page_id=319#primaryimage","url":"https:\/\/didatticainclusione.events.unibz.it\/wp-content\/uploads\/2021\/04\/2021-04-14_DIS_RGB_4-scaled-e1630922593541.jpg","contentUrl":"https:\/\/didatticainclusione.events.unibz.it\/wp-content\/uploads\/2021\/04\/2021-04-14_DIS_RGB_4-scaled-e1630922593541.jpg","width":2560,"height":1707},{"@type":"BreadcrumbList","@id":"https:\/\/didatticainclusione.events.unibz.it\/?page_id=319#breadcrumb","itemListElement":[{"@type":"ListItem","position":1,"name":"Home","item":"https:\/\/didatticainclusione.events.unibz.it\/"},{"@type":"ListItem","position":2,"name":"Il convegno 2021"}]},{"@type":"WebSite","@id":"https:\/\/didatticainclusione.events.unibz.it\/#website","url":"https:\/\/didatticainclusione.events.unibz.it\/","name":"Didattica e inclusione scolastica","description":"Just another WordPress site","potentialAction":[{"@type":"SearchAction","target":{"@type":"EntryPoint","urlTemplate":"https:\/\/didatticainclusione.events.unibz.it\/?s={search_term_string}"},"query-input":{"@type":"PropertyValueSpecification","valueRequired":true,"valueName":"search_term_string"}}],"inLanguage":"en-US"}]}},"_links":{"self":[{"href":"https:\/\/didatticainclusione.events.unibz.it\/index.php?rest_route=\/wp\/v2\/pages\/319","targetHints":{"allow":["GET"]}}],"collection":[{"href":"https:\/\/didatticainclusione.events.unibz.it\/index.php?rest_route=\/wp\/v2\/pages"}],"about":[{"href":"https:\/\/didatticainclusione.events.unibz.it\/index.php?rest_route=\/wp\/v2\/types\/page"}],"author":[{"embeddable":true,"href":"https:\/\/didatticainclusione.events.unibz.it\/index.php?rest_route=\/wp\/v2\/users\/5"}],"replies":[{"embeddable":true,"href":"https:\/\/didatticainclusione.events.unibz.it\/index.php?rest_route=%2Fwp%2Fv2%2Fcomments&post=319"}],"version-history":[{"count":50,"href":"https:\/\/didatticainclusione.events.unibz.it\/index.php?rest_route=\/wp\/v2\/pages\/319\/revisions"}],"predecessor-version":[{"id":916,"href":"https:\/\/didatticainclusione.events.unibz.it\/index.php?rest_route=\/wp\/v2\/pages\/319\/revisions\/916"}],"wp:featuredmedia":[{"embeddable":true,"href":"https:\/\/didatticainclusione.events.unibz.it\/index.php?rest_route=\/wp\/v2\/media\/356"}],"wp:attachment":[{"href":"https:\/\/didatticainclusione.events.unibz.it\/index.php?rest_route=%2Fwp%2Fv2%2Fmedia&parent=319"}],"curies":[{"name":"wp","href":"https:\/\/api.w.org\/{rel}","templated":true}]}}

<div style="height:30px" aria-hidden="true" class="wp-block-spacer"></div>



<h3 class="wp-block-heading"></h3>



<figure class="wp-block-pullquote"><blockquote><p><strong><span style="color:#c5804e" class="has-inline-color">DIDATTICA E INCLUSIONE SCOLASTICA &#8211; INKLUSION IM BILDUNGSBEREICH<br>Emergenze educative. Neue Horizonte </span></strong></p></blockquote></figure>



<p>Le disuguaglianze educative che la pandemia ha reso evidenti indicano con chiarezza la necessità di cercare delle alternative, alla ricerca di nuovi orizzonti. In questo convegno desideriamo contribuire a questo cammino verso una scuola più equa per tutte e per tutti. Il nostro obiettivo è quello di condividere e diffondere le più innovative ricerche e pratiche didattiche che contribuiscano alla realizzazione dell’inclusione scolastica di qualità.</p>



<p>Queste sono alcune delle tematiche che saranno trattate:</p>



<ul class="wp-block-list"><li>Valutazione, miglioramento e sviluppi inclusivi</li><li>Fra casa e scuola: la didattica digitale integrata</li><li>La collaborazione inclusiva in classe, a scuola e in rete</li><li>La documentazione e la valutazione inclusiva</li><li>La gestione dei comportamenti sfidanti</li><li>Pedagogia del gioco: il gioco inclusivo</li><li>Transizioni, orientamento e progetto di vita</li><li>Valorizzare le differenze, ricercare le comunanze</li></ul>



<div style="height:25px" aria-hidden="true" class="wp-block-spacer"></div>



<p>In un’alternanza di relazioni plenarie, approfondimenti, paper di ricerca e buone prassi saranno presentati e discussi metodologie e strumenti che sostengono l’apprendimento e la partecipazione in un ambiente inclusivo. Insegnanti, educatrici ed educatori, ricercatori e ricercatrici e altre figure impegnate nella costruzione, sperimentazione e riflessione di politiche e pratiche per una didattica inclusiva sono invitati a partecipare.</p>



<div style="height:25px" aria-hidden="true" class="wp-block-spacer"></div>



<p>Il Convegno si terrà dal 15 al 29 ottobre 2021 e prevede tre momenti online:</p>



<ul class="wp-block-list"><li>la plenaria di apertura nel pomeriggio del 15 ottobre;</li><li>la continuazione nella mattinata di sabato 23 ottobre;</li><li>la plenaria di chiusura nel pomeriggio del 29 ottobre.</li></ul>



<p>A partire da questo anno il convegno è organizzato dal Centro di Competenza sull’Inclusione Scolastica di UNIBZ e si apre al mondo di lingua tedesca diventando bilingue (italiano/tedesco). I partecipanti potranno scegliere se seguire un percorso nella sola lingua italiana, nella sola lingua tedesca o in entrambe.</p>



<div style="height:100px" aria-hidden="true" class="wp-block-spacer"></div>



<p class="has-text-align-right">Evento a cura del <a href="https://www.unibz.it/it/home/research/competence-center-for-school-inclusion/">Centro di Competenza per l’Inclusione Scolastica della Libera Università di Bolzano</a>:</p>



<p class="has-text-align-right">Petra Auer,&nbsp;Rosa&nbsp;Bellacicco, Silver Cappello, Silvia Dell’Anna, Heidrun&nbsp;Demo, Enrico Angelo Emili, Dario&nbsp;Ianes, Vanessa Macchia, Simone&nbsp;Seitz</p>



<p class="has-text-align-right">Organizzazione: Heidrun&nbsp;Demo, Vanessa Macchia e Silver Cappello</p>



<div style="height:30px" aria-hidden="true" class="wp-block-spacer"></div>



<div style="height:30px" aria-hidden="true" class="wp-block-spacer"></div>



<div style="height:30px" aria-hidden="true" class="wp-block-spacer"></div>



<div style="height:30px" aria-hidden="true" class="wp-block-spacer"></div>



<div style="height:30px" aria-hidden="true" class="wp-block-spacer"></div>



<p><br></p>



<div style="height:60px" aria-hidden="true" class="wp-block-spacer"></div>



<p class="has-text-align-right"></p>



<p class="has-text-align-right"></p>

<p>DIDATTICA E INCLUSIONE SCOLASTICA &#8211; INKLUSION IM BILDUNGSBEREICHEmergenze educative. Neue Horizonte Le disuguaglianze educative che la pandemia ha reso evidenti indicano con chiarezza la necessità di cercare delle alternative, alla ricerca di nuovi orizzonti. In questo convegno desideriamo contribuire a questo cammino verso una scuola più equa per tutte e [&hellip;]</p>

<!-- This site is optimized with the Yoast SEO plugin v27.4 - https://yoast.com/product/yoast-seo-wordpress/ -->
<title>Il convegno 2021 - Didattica e inclusione scolastica</title>
<meta name="robots" content="index, follow, max-snippet:-1, max-image-preview:large, max-video-preview:-1" />
<link rel="canonical" href="https://didatticainclusione.events.unibz.it/?page_id=319" />
<meta property="og:locale" content="en_US" />
<meta property="og:type" content="article" />
<meta property="og:title" content="Il convegno 2021 - Didattica e inclusione scolastica" />
<meta property="og:description" content="DIDATTICA E INCLUSIONE SCOLASTICA &#8211; INKLUSION IM BILDUNGSBEREICHEmergenze educative. Neue Horizonte Le disuguaglianze educative che la pandemia ha reso evidenti indicano con chiarezza la necessità di cercare delle alternative, alla ricerca di nuovi orizzonti. In questo convegno desideriamo contribuire a questo cammino verso una scuola più equa per tutte e [&hellip;]" />
<meta property="og:url" content="https://didatticainclusione.events.unibz.it/?page_id=319" />
<meta property="og:site_name" content="Didattica e inclusione scolastica" />
<meta property="article:modified_time" content="2021-09-08T10:49:38+00:00" />
<meta property="og:image" content="https://didatticainclusione.events.unibz.it/wp-content/uploads/2021/04/2021-04-14_DIS_RGB_4-scaled-e1630922593541.jpg" />
	<meta property="og:image:width" content="2560" />
	<meta property="og:image:height" content="1707" />
	<meta property="og:image:type" content="image/jpeg" />
<meta name="twitter:card" content="summary_large_image" />
<meta name="twitter:label1" content="Est. reading time" />
	<meta name="twitter:data1" content="2 minutes" />
<script type="application/ld+json" class="yoast-schema-graph">{"@context":"https:\/\/schema.org","@graph":[{"@type":"WebPage","@id":"https:\/\/didatticainclusione.events.unibz.it\/?page_id=319","url":"https:\/\/didatticainclusione.events.unibz.it\/?page_id=319","name":"Il convegno 2021 - Didattica e inclusione scolastica","isPartOf":{"@id":"https:\/\/didatticainclusione.events.unibz.it\/#website"},"primaryImageOfPage":{"@id":"https:\/\/didatticainclusione.events.unibz.it\/?page_id=319#primaryimage"},"image":{"@id":"https:\/\/didatticainclusione.events.unibz.it\/?page_id=319#primaryimage"},"thumbnailUrl":"https:\/\/didatticainclusione.events.unibz.it\/wp-content\/uploads\/2021\/04\/2021-04-14_DIS_RGB_4-scaled-e1630922593541.jpg","datePublished":"2021-03-26T11:07:24+00:00","dateModified":"2021-09-08T10:49:38+00:00","breadcrumb":{"@id":"https:\/\/didatticainclusione.events.unibz.it\/?page_id=319#breadcrumb"},"inLanguage":"en-US","potentialAction":[{"@type":"ReadAction","target":["https:\/\/didatticainclusione.events.unibz.it\/?page_id=319"]}]},{"@type":"ImageObject","inLanguage":"en-US","@id":"https:\/\/didatticainclusione.events.unibz.it\/?page_id=319#primaryimage","url":"https:\/\/didatticainclusione.events.unibz.it\/wp-content\/uploads\/2021\/04\/2021-04-14_DIS_RGB_4-scaled-e1630922593541.jpg","contentUrl":"https:\/\/didatticainclusione.events.unibz.it\/wp-content\/uploads\/2021\/04\/2021-04-14_DIS_RGB_4-scaled-e1630922593541.jpg","width":2560,"height":1707},{"@type":"BreadcrumbList","@id":"https:\/\/didatticainclusione.events.unibz.it\/?page_id=319#breadcrumb","itemListElement":[{"@type":"ListItem","position":1,"name":"Home","item":"https:\/\/didatticainclusione.events.unibz.it\/"},{"@type":"ListItem","position":2,"name":"Il convegno 2021"}]},{"@type":"WebSite","@id":"https:\/\/didatticainclusione.events.unibz.it\/#website","url":"https:\/\/didatticainclusione.events.unibz.it\/","name":"Didattica e inclusione scolastica","description":"Just another WordPress site","potentialAction":[{"@type":"SearchAction","target":{"@type":"EntryPoint","urlTemplate":"https:\/\/didatticainclusione.events.unibz.it\/?s={search_term_string}"},"query-input":{"@type":"PropertyValueSpecification","valueRequired":true,"valueName":"search_term_string"}}],"inLanguage":"en-US"}]}</script>
<!-- / Yoast SEO plugin. -->

DIDATTICA E INCLUSIONE SCOLASTICA &#8211; INKLUSION IM BILDUNGSBEREICHEmergenze educative. Neue Horizonte Le disuguaglianze educative che la pandemia ha reso evidenti indicano con chiarezza la necessità di cercare delle alternative, alla ricerca di nuovi orizzonti. In questo convegno desideriamo contribuire a questo cammino verso una scuola più equa per tutte e [&hellip;]
