{"id":1323,"date":"2024-05-15T12:04:41","date_gmt":"2024-05-15T12:04:41","guid":{"rendered":"https:\/\/didatticainclusione.events.unibz.it\/?page_id=1323"},"modified":"2025-02-06T13:44:41","modified_gmt":"2025-02-06T13:44:41","slug":"call-for-papers-2025-2","status":"publish","type":"page","link":"https:\/\/didatticainclusione.events.unibz.it\/?page_id=1323&lang=de","title":{"rendered":"Call for papers 2025"},"content":{"rendered":"\n<h2 class=\"wp-block-heading\">Call for papers <\/h2>\n\n\n\n<div style=\"height:70px\" aria-hidden=\"true\" class=\"wp-block-spacer\"><\/div>\n\n\n\n<p>Kompetenzzentrum f\u00fcr Inklusion im Bildungsbereich der Freien Universit\u00e4t Bozen: Call for Papers f\u00fcr die 9. Ausgabe der Konferenz<\/p>\n\n\n\n<div style=\"height:30px\" aria-hidden=\"true\" class=\"wp-block-spacer\"><\/div>\n\n\n\n<p class=\"has-text-align-center\"><mark style=\"background-color:rgba(0, 0, 0, 0)\" class=\"has-inline-color has-vivid-green-cyan-color\"><strong>DIDATTICA E INCLUSIONE SCOLASTICA<\/strong><\/mark> <mark style=\"background-color:rgba(0, 0, 0, 0)\" class=\"has-inline-color has-vivid-green-cyan-color\">&#8211; <strong>INKLUSION IM BILDUNGSBEREICH<\/strong><\/mark><\/p>\n\n\n\n<p class=\"has-text-align-center\"><strong><mark style=\"background-color:rgba(0, 0, 0, 0)\" class=\"has-inline-color has-vivid-green-cyan-color\">equit\u00e0 e sostenibilit\u00e0 &#8211; Kontexte und Kontraste<\/mark><\/strong><\/p>\n\n\n\n<div style=\"height:30px\" aria-hidden=\"true\" class=\"wp-block-spacer\"><\/div>\n\n\n\n<p>Die Konferenz findet am <strong>9. und 10. Mai 2025<\/strong> in Brixen-Bressanone statt und ist wie folgt aufgebaut:&nbsp;<\/p>\n\n\n\n<ul class=\"wp-block-list\">\n<li><strong>Freitag, 9. Mai<\/strong>: Er\u00f6ffnungsplenum mit Keynote sowie anschlie\u00dfend parallele Panels mit Kurzvortr\u00e4gen und Workshops;<\/li>\n\n\n\n<li><strong>Samstag, 10. Mai<\/strong>: parallele Panels mit Workshops und Kurzvortr\u00e4gen am Vormittag, Abschlussplenarsitzung mit Keynote am fr\u00fchen Nachmittag.<\/li>\n<\/ul>\n\n\n\n<p>Ziel der zweisprachigen Tagung (Italienisch und Deutsch) zur Thematik \u201cequit\u00e0 e sostenibilit\u00e0 &#8211; Kontexte und Kontraste\u201d ist die Diskussion von aktuellen Forschungsergebnissen, Konzeptionen und Fundierungen einer an Inklusion, Nachhaltigkeit und Gerechtigkeit ausgerichteten Bildung und Erziehung.<\/p>\n\n\n\n<p>Wissenschaftler:innen, Multiplikator:innen, Lehrpersonen, P\u00e4dagog:innen und andere Fachpersonen, die sich mit dem Aufbau, der Erprobung und der Reflexion von aktueller Forschung, Konzeptionen und Praktiken einer inklusiven P\u00e4dagogik und Didaktik befassen, sind gleicherma\u00dfen zum Einreichen von Beitr\u00e4gen eingeladen.<\/p>\n\n\n\n<div style=\"height:100px\" aria-hidden=\"true\" class=\"wp-block-spacer\"><\/div>\n\n\n\n<p>Der Thematik der diesj\u00e4hrigen Tagung \u201cequit\u00e0 e sostenibilit\u00e0 &#8211; Kontexte und Kontraste\u201d entsprechend, sind Beitr\u00e4ge mit Bezug zu den thematischen Feldern von<\/p>\n\n\n\n<ul class=\"wp-block-list\">\n<li>Bildungsgerechtigkeit, Bildungs(un)gleichheit, soziale Ungleichheit,<\/li>\n\n\n\n<li>Nachhaltigkeit, Bildung f\u00fcr nachhaltige Entwicklung,<\/li>\n\n\n\n<li>Demokratie, demokratische Bildung\/<em>citizenship education<\/em><\/li>\n<\/ul>\n\n\n\n<p>herzlich willkommen. <\/p>\n\n\n\n<p>Beitr\u00e4ge k\u00f6nnen \u00fcbergreifend zu den einzelnen Bildungsstufen ausgerichtet sein oder sich auf die Fr\u00fche Bildung, Grundschule einschlie\u00dflich extended education \/ Ganztagsbildung und weiterf\u00fchrende Schulformen beziehen.<\/p>\n\n\n\n<p>Es k\u00f6nnen zwei Arten von Beitr\u00e4gen eingereicht werden: <strong>Kurzvortrag<\/strong> oder <strong>Workshop<\/strong>.<\/p>\n\n\n\n<p>Es ist vorgesehen, die Vortr\u00e4ge und Workshops auf Italienisch, Deutsch oder zweisprachig d\/it auszugestalten, im Ausnahmefall auch auf Englisch.<\/p>\n\n\n\n<div style=\"height:70px\" aria-hidden=\"true\" class=\"wp-block-spacer\"><\/div>\n\n\n\n<p><mark style=\"background-color:rgba(0, 0, 0, 0)\" class=\"has-inline-color has-vivid-green-cyan-color\"><strong>HINWEISE ZUR EINREICHUNG VON ABSTRACTS<\/strong><\/mark><br><\/p>\n\n\n\n<div style=\"height:30px\" aria-hidden=\"true\" class=\"wp-block-spacer\"><\/div>\n\n\n\n<p>Formen der Beitr\u00e4ge:<\/p>\n\n\n\n<ol style=\"list-style-type:upper-alpha\" class=\"wp-block-list\">\n<li>Kurzvortr\u00e4ge (15 Minuten)<\/li>\n\n\n\n<li>Workshops (45 Minuten)<\/li>\n<\/ol>\n\n\n\n<p>Abstracts zu Kurzvortr\u00e4gen und Workshops k\u00f6nnen bis zum <strong>10. Oktober 2024<\/strong> per E-Mail an <a href=\"mailto:sara.baroni@unibz.it\">sara.baroni@unibz.it<\/a> eingereicht werden.<\/p>\n\n\n\n<div style=\"height:30px\" aria-hidden=\"true\" class=\"wp-block-spacer\"><\/div>\n\n\n\n<p><strong>Die Einreichungen sollten enthalten:<\/strong><\/p>\n\n\n\n<ul class=\"wp-block-list\">\n<li>Titel.<\/li>\n\n\n\n<li>Abstract: Maximale L\u00e4nge 1.000 Zeichen, einschlie\u00dflich Leerzeichen (Literaturliste nicht mitgez\u00e4hlt).<\/li>\n\n\n\n<li>Angabe zur Sprache des Vortrags oder Workshops (Italienisch, Deutsch, zweisprachig it\/d oder Englisch).<\/li>\n\n\n\n<li>Autor:innen mit Namen, E-Mail-Adressen, Institution.<\/li>\n\n\n\n<li>Drei bis f\u00fcnf Keywords (in der Sprache des Abstracts).<\/li>\n<\/ul>\n\n\n\n<div style=\"height:30px\" aria-hidden=\"true\" class=\"wp-block-spacer\"><\/div>\n\n\n\n<p><strong><strong>Begutachtungskriterien<\/strong><\/strong>:<\/p>\n\n\n\n<ul class=\"wp-block-list\">\n<li>Bezug zur Tagungsthematik.&nbsp;<\/li>\n\n\n\n<li>Aktualit\u00e4t und Innovationsgehalt der Thematik.<\/li>\n\n\n\n<li>Theoriegehalt und Ber\u00fccksichtigung des aktuellen Forschungsstandes.<\/li>\n\n\n\n<li>Methodische G\u00fcte \/ Stringenz.<\/li>\n\n\n\n<li>Fachliche Relevanz \/ Praxisrelevanz.<\/li>\n<\/ul>\n\n\n\n<div style=\"height:20px\" aria-hidden=\"true\" class=\"wp-block-spacer\"><\/div>\n\n\n\n<p>R\u00fcckmeldungen \u00fcber die Annahme der eingereichten Beitr\u00e4ge erfolgen bis Mitte November 2024.<\/p>\n\n\n\n<p>Alle Autor:innen und Koautor:innen eines Beitrags m\u00fcssen zur Konferenz angemeldet sein. <\/p>\n\n\n\n<p>Die regul\u00e4re Tagungsgeb\u00fchr wird <strong>50 \u20ac<\/strong> betragen.<\/p>\n\n\n\n<div style=\"height:100px\" aria-hidden=\"true\" class=\"wp-block-spacer\"><\/div>\n\n\n\n<p class=\"has-text-align-right\">Veranstaltung organisiert vom <a href=\"https:\/\/www.unibz.it\/de\/home\/research\/competence-center-school-inclusion\/\">Kompetenzzentrum f\u00fcr Inklusion im Bildungsbereich der Freien Universit\u00e4t Bozen<\/a>:<\/p>\n\n\n\n<p class=\"has-text-align-right\"><strong>Tagungsleitung<\/strong>: <\/p>\n\n\n\n<p class=\"has-text-align-right\">Simone Seitz, Sara Baroni, Giulia Consalvo,<br>Heidrun Demo, Anna Frizzarin,<br>Vanessa Macchia, Stefania Torri.<\/p>\n\n\n\n<p class=\"has-text-align-right\"><strong>Organisation<\/strong>: Sara Baroni, Silver Cappello, Janica Pisciali.<\/p>\n","protected":false},"excerpt":{"rendered":"<p>Call for papers Kompetenzzentrum f\u00fcr Inklusion im Bildungsbereich der Freien Universit\u00e4t Bozen: Call for Papers f\u00fcr die 9. Ausgabe der Konferenz DIDATTICA E INCLUSIONE SCOLASTICA &#8211; INKLUSION IM BILDUNGSBEREICH equit\u00e0 e sostenibilit\u00e0 &#8211; Kontexte und Kontraste Die Konferenz findet am 9. und 10. Mai 2025 in Brixen-Bressanone statt und ist [&hellip;]<\/p>\n","protected":false},"author":7,"featured_media":1278,"parent":0,"menu_order":0,"comment_status":"closed","ping_status":"closed","template":"","meta":{"footnotes":""},"class_list":["post-1323","page","type-page","status-publish","has-post-thumbnail","hentry"],"yoast_head":"<!-- This site is optimized with the Yoast SEO plugin v27.3 - https:\/\/yoast.com\/product\/yoast-seo-wordpress\/ -->\n<title>Call for papers 2025 - Didattica e inclusione scolastica<\/title>\n<meta name=\"robots\" content=\"index, follow, max-snippet:-1, max-image-preview:large, max-video-preview:-1\" \/>\n<link rel=\"canonical\" href=\"https:\/\/didatticainclusione.events.unibz.it\/?page_id=1323&lang=de\" \/>\n<meta property=\"og:locale\" content=\"en_US\" \/>\n<meta property=\"og:type\" content=\"article\" \/>\n<meta property=\"og:title\" content=\"Call for papers 2025 - Didattica e inclusione scolastica\" \/>\n<meta property=\"og:description\" content=\"Call for papers Kompetenzzentrum f\u00fcr Inklusion im Bildungsbereich der Freien Universit\u00e4t Bozen: Call for Papers f\u00fcr die 9. Ausgabe der Konferenz DIDATTICA E INCLUSIONE SCOLASTICA &#8211; INKLUSION IM BILDUNGSBEREICH equit\u00e0 e sostenibilit\u00e0 &#8211; Kontexte und Kontraste Die Konferenz findet am 9. und 10. Mai 2025 in Brixen-Bressanone statt und ist [&hellip;]\" \/>\n<meta property=\"og:url\" content=\"https:\/\/didatticainclusione.events.unibz.it\/?page_id=1323&amp;lang=de\" \/>\n<meta property=\"og:site_name\" content=\"Didattica e inclusione scolastica\" \/>\n<meta property=\"article:modified_time\" content=\"2025-02-06T13:44:41+00:00\" \/>\n<meta property=\"og:image\" content=\"http:\/\/didatticainclusione.events.unibz.it\/wp-content\/uploads\/2024\/05\/Illustrazione_08_verde-3-jpg.jpg\" \/>\n\t<meta property=\"og:image:width\" content=\"2362\" \/>\n\t<meta property=\"og:image:height\" content=\"1080\" \/>\n\t<meta property=\"og:image:type\" content=\"image\/jpeg\" \/>\n<meta name=\"twitter:card\" content=\"summary_large_image\" \/>\n<meta name=\"twitter:label1\" content=\"Est. reading time\" \/>\n\t<meta name=\"twitter:data1\" content=\"2 minutes\" \/>\n<script type=\"application\/ld+json\" class=\"yoast-schema-graph\">{\"@context\":\"https:\\\/\\\/schema.org\",\"@graph\":[{\"@type\":\"WebPage\",\"@id\":\"https:\\\/\\\/didatticainclusione.events.unibz.it\\\/?page_id=1323&lang=de\",\"url\":\"https:\\\/\\\/didatticainclusione.events.unibz.it\\\/?page_id=1323&lang=de\",\"name\":\"Call for papers 2025 - Didattica e inclusione scolastica\",\"isPartOf\":{\"@id\":\"https:\\\/\\\/didatticainclusione.events.unibz.it\\\/#website\"},\"primaryImageOfPage\":{\"@id\":\"https:\\\/\\\/didatticainclusione.events.unibz.it\\\/?page_id=1323&lang=de#primaryimage\"},\"image\":{\"@id\":\"https:\\\/\\\/didatticainclusione.events.unibz.it\\\/?page_id=1323&lang=de#primaryimage\"},\"thumbnailUrl\":\"https:\\\/\\\/didatticainclusione.events.unibz.it\\\/wp-content\\\/uploads\\\/2024\\\/05\\\/Illustrazione_08_verde-3-jpg.jpg\",\"datePublished\":\"2024-05-15T12:04:41+00:00\",\"dateModified\":\"2025-02-06T13:44:41+00:00\",\"breadcrumb\":{\"@id\":\"https:\\\/\\\/didatticainclusione.events.unibz.it\\\/?page_id=1323&lang=de#breadcrumb\"},\"inLanguage\":\"en-US\",\"potentialAction\":[{\"@type\":\"ReadAction\",\"target\":[\"https:\\\/\\\/didatticainclusione.events.unibz.it\\\/?page_id=1323&lang=de\"]}]},{\"@type\":\"ImageObject\",\"inLanguage\":\"en-US\",\"@id\":\"https:\\\/\\\/didatticainclusione.events.unibz.it\\\/?page_id=1323&lang=de#primaryimage\",\"url\":\"https:\\\/\\\/didatticainclusione.events.unibz.it\\\/wp-content\\\/uploads\\\/2024\\\/05\\\/Illustrazione_08_verde-3-jpg.jpg\",\"contentUrl\":\"https:\\\/\\\/didatticainclusione.events.unibz.it\\\/wp-content\\\/uploads\\\/2024\\\/05\\\/Illustrazione_08_verde-3-jpg.jpg\",\"width\":2362,\"height\":1080},{\"@type\":\"BreadcrumbList\",\"@id\":\"https:\\\/\\\/didatticainclusione.events.unibz.it\\\/?page_id=1323&lang=de#breadcrumb\",\"itemListElement\":[{\"@type\":\"ListItem\",\"position\":1,\"name\":\"Home\",\"item\":\"https:\\\/\\\/didatticainclusione.events.unibz.it\\\/\"},{\"@type\":\"ListItem\",\"position\":2,\"name\":\"Call for papers 2025\"}]},{\"@type\":\"WebSite\",\"@id\":\"https:\\\/\\\/didatticainclusione.events.unibz.it\\\/#website\",\"url\":\"https:\\\/\\\/didatticainclusione.events.unibz.it\\\/\",\"name\":\"Didattica e inclusione scolastica\",\"description\":\"Just another WordPress site\",\"potentialAction\":[{\"@type\":\"SearchAction\",\"target\":{\"@type\":\"EntryPoint\",\"urlTemplate\":\"https:\\\/\\\/didatticainclusione.events.unibz.it\\\/?s={search_term_string}\"},\"query-input\":{\"@type\":\"PropertyValueSpecification\",\"valueRequired\":true,\"valueName\":\"search_term_string\"}}],\"inLanguage\":\"en-US\"}]}<\/script>\n<!-- \/ Yoast SEO plugin. -->","yoast_head_json":{"title":"Call for papers 2025 - Didattica e inclusione scolastica","robots":{"index":"index","follow":"follow","max-snippet":"max-snippet:-1","max-image-preview":"max-image-preview:large","max-video-preview":"max-video-preview:-1"},"canonical":"https:\/\/didatticainclusione.events.unibz.it\/?page_id=1323&lang=de","og_locale":"en_US","og_type":"article","og_title":"Call for papers 2025 - Didattica e inclusione scolastica","og_description":"Call for papers Kompetenzzentrum f\u00fcr Inklusion im Bildungsbereich der Freien Universit\u00e4t Bozen: Call for Papers f\u00fcr die 9. Ausgabe der Konferenz DIDATTICA E INCLUSIONE SCOLASTICA &#8211; INKLUSION IM BILDUNGSBEREICH equit\u00e0 e sostenibilit\u00e0 &#8211; Kontexte und Kontraste Die Konferenz findet am 9. und 10. Mai 2025 in Brixen-Bressanone statt und ist [&hellip;]","og_url":"https:\/\/didatticainclusione.events.unibz.it\/?page_id=1323&lang=de","og_site_name":"Didattica e inclusione scolastica","article_modified_time":"2025-02-06T13:44:41+00:00","og_image":[{"width":2362,"height":1080,"url":"http:\/\/didatticainclusione.events.unibz.it\/wp-content\/uploads\/2024\/05\/Illustrazione_08_verde-3-jpg.jpg","type":"image\/jpeg"}],"twitter_card":"summary_large_image","twitter_misc":{"Est. reading time":"2 minutes"},"schema":{"@context":"https:\/\/schema.org","@graph":[{"@type":"WebPage","@id":"https:\/\/didatticainclusione.events.unibz.it\/?page_id=1323&lang=de","url":"https:\/\/didatticainclusione.events.unibz.it\/?page_id=1323&lang=de","name":"Call for papers 2025 - Didattica e inclusione scolastica","isPartOf":{"@id":"https:\/\/didatticainclusione.events.unibz.it\/#website"},"primaryImageOfPage":{"@id":"https:\/\/didatticainclusione.events.unibz.it\/?page_id=1323&lang=de#primaryimage"},"image":{"@id":"https:\/\/didatticainclusione.events.unibz.it\/?page_id=1323&lang=de#primaryimage"},"thumbnailUrl":"https:\/\/didatticainclusione.events.unibz.it\/wp-content\/uploads\/2024\/05\/Illustrazione_08_verde-3-jpg.jpg","datePublished":"2024-05-15T12:04:41+00:00","dateModified":"2025-02-06T13:44:41+00:00","breadcrumb":{"@id":"https:\/\/didatticainclusione.events.unibz.it\/?page_id=1323&lang=de#breadcrumb"},"inLanguage":"en-US","potentialAction":[{"@type":"ReadAction","target":["https:\/\/didatticainclusione.events.unibz.it\/?page_id=1323&lang=de"]}]},{"@type":"ImageObject","inLanguage":"en-US","@id":"https:\/\/didatticainclusione.events.unibz.it\/?page_id=1323&lang=de#primaryimage","url":"https:\/\/didatticainclusione.events.unibz.it\/wp-content\/uploads\/2024\/05\/Illustrazione_08_verde-3-jpg.jpg","contentUrl":"https:\/\/didatticainclusione.events.unibz.it\/wp-content\/uploads\/2024\/05\/Illustrazione_08_verde-3-jpg.jpg","width":2362,"height":1080},{"@type":"BreadcrumbList","@id":"https:\/\/didatticainclusione.events.unibz.it\/?page_id=1323&lang=de#breadcrumb","itemListElement":[{"@type":"ListItem","position":1,"name":"Home","item":"https:\/\/didatticainclusione.events.unibz.it\/"},{"@type":"ListItem","position":2,"name":"Call for papers 2025"}]},{"@type":"WebSite","@id":"https:\/\/didatticainclusione.events.unibz.it\/#website","url":"https:\/\/didatticainclusione.events.unibz.it\/","name":"Didattica e inclusione scolastica","description":"Just another WordPress site","potentialAction":[{"@type":"SearchAction","target":{"@type":"EntryPoint","urlTemplate":"https:\/\/didatticainclusione.events.unibz.it\/?s={search_term_string}"},"query-input":{"@type":"PropertyValueSpecification","valueRequired":true,"valueName":"search_term_string"}}],"inLanguage":"en-US"}]}},"_links":{"self":[{"href":"https:\/\/didatticainclusione.events.unibz.it\/index.php?rest_route=\/wp\/v2\/pages\/1323","targetHints":{"allow":["GET"]}}],"collection":[{"href":"https:\/\/didatticainclusione.events.unibz.it\/index.php?rest_route=\/wp\/v2\/pages"}],"about":[{"href":"https:\/\/didatticainclusione.events.unibz.it\/index.php?rest_route=\/wp\/v2\/types\/page"}],"author":[{"embeddable":true,"href":"https:\/\/didatticainclusione.events.unibz.it\/index.php?rest_route=\/wp\/v2\/users\/7"}],"replies":[{"embeddable":true,"href":"https:\/\/didatticainclusione.events.unibz.it\/index.php?rest_route=%2Fwp%2Fv2%2Fcomments&post=1323"}],"version-history":[{"count":16,"href":"https:\/\/didatticainclusione.events.unibz.it\/index.php?rest_route=\/wp\/v2\/pages\/1323\/revisions"}],"predecessor-version":[{"id":1491,"href":"https:\/\/didatticainclusione.events.unibz.it\/index.php?rest_route=\/wp\/v2\/pages\/1323\/revisions\/1491"}],"wp:featuredmedia":[{"embeddable":true,"href":"https:\/\/didatticainclusione.events.unibz.it\/index.php?rest_route=\/wp\/v2\/media\/1278"}],"wp:attachment":[{"href":"https:\/\/didatticainclusione.events.unibz.it\/index.php?rest_route=%2Fwp%2Fv2%2Fmedia&parent=1323"}],"curies":[{"name":"wp","href":"https:\/\/api.w.org\/{rel}","templated":true}]}}