{"id":1322,"date":"2024-05-17T07:18:22","date_gmt":"2024-05-17T07:18:22","guid":{"rendered":"https:\/\/didatticainclusione.events.unibz.it\/?page_id=1322"},"modified":"2025-02-06T14:02:18","modified_gmt":"2025-02-06T14:02:18","slug":"__trashed","status":"publish","type":"page","link":"https:\/\/didatticainclusione.events.unibz.it\/?page_id=1322","title":{"rendered":"Call for papers 2025"},"content":{"rendered":"\n<h2 class=\"wp-block-heading\">Call for papers <\/h2>\n\n\n\n<div style=\"height:70px\" aria-hidden=\"true\" class=\"wp-block-spacer\"><\/div>\n\n\n\n<p>Il Centro di Competenza per l\u2019Inclusione Scolastica della Libera Universit\u00e0 di Bolzano annuncia la Call for Papers per la IX edizione del Convegno<\/p>\n\n\n\n<div style=\"height:30px\" aria-hidden=\"true\" class=\"wp-block-spacer\"><\/div>\n\n\n\n<p class=\"has-text-align-center\"><mark style=\"background-color:rgba(0, 0, 0, 0)\" class=\"has-inline-color has-vivid-green-cyan-color\"><strong>DIDATTICA E INCLUSIONE SCOLASTICA<\/strong><\/mark> <mark style=\"background-color:rgba(0, 0, 0, 0)\" class=\"has-inline-color has-vivid-green-cyan-color\">&#8211;<\/mark> <mark style=\"background-color:rgba(0, 0, 0, 0)\" class=\"has-inline-color has-vivid-green-cyan-color\"><strong>INKLUSION IM BILDUNGSBEREICH<\/strong><\/mark><\/p>\n\n\n\n<p class=\"has-text-align-center\"><strong><mark style=\"background-color:rgba(0, 0, 0, 0)\" class=\"has-inline-color has-vivid-green-cyan-color\">equit\u00e0 e sostenibilit\u00e0 &#8211; Kontexte und Kontraste<\/mark><\/strong><\/p>\n\n\n\n<div style=\"height:30px\" aria-hidden=\"true\" class=\"wp-block-spacer\"><\/div>\n\n\n\n<p>La conferenza si terr\u00e0 a Bressanone nei giorni <strong>9 e 10 maggio 2025<\/strong> con la seguente struttura:<\/p>\n\n\n\n<ul class=\"wp-block-list\">\n<li><strong>venerd\u00ec 9 maggio<\/strong>: sessione plenaria di apertura con keynote speaker, seguita da panel paralleli con brevi presentazioni e workshop;<\/li>\n\n\n\n<li><strong>sabato 10 maggio<\/strong>: panel paralleli con workshop e brevi presentazioni in mattinata, sessione plenaria di chiusura con keynote speaker nel primo pomeriggio.<\/li>\n<\/ul>\n\n\n\n<p>L&#8217;obiettivo del convegno bilingue (italiano e tedesco) sul tema &#8220;Equit\u00e0 e sostenibilit\u00e0 &#8211; Kontexte und Kontraste&#8221; \u00e8 quello di discutere i pi\u00f9 recenti risultati della ricerca, i concetti e i fondamenti dell&#8217;educazione e dell&#8217;istruzione orientati all&#8217;inclusione, alla sostenibilit\u00e0 e alla giustizia.<\/p>\n\n\n\n<p>Ricercatori e ricercatrici, moltiplicatori, insegnanti, educatori e educatrici e altri\/e professionisti\/e coinvolti\/e nello sviluppo, nella sperimentazione, nella conduzione di ricerche, nell\u2019elaborazione di concetti e pratiche innovative di pedagogia e didattica inclusiva sono caldamente invitati\/e a presentare contributi.<\/p>\n\n\n\n<div style=\"height:100px\" aria-hidden=\"true\" class=\"wp-block-spacer\"><\/div>\n\n\n\n<p>In linea con il tema della conferenza di quest&#8217;anno &#8220;equit\u00e0 e sostenibilit\u00e0 &#8211; Kontexte und Kontraste&#8221;, i contributi dovranno riguardare i seguenti ambiti tematici:<\/p>\n\n\n\n<ul class=\"wp-block-list\">\n<li>equit\u00e0 educativa, (dis)uguaglianza educativa, disuguaglianza sociale;<\/li>\n\n\n\n<li>sostenibilit\u00e0, educazione allo sviluppo sostenibile;<\/li>\n\n\n\n<li>democrazia, educazione democratica\/educazione alla cittadinanza.<\/li>\n<\/ul>\n\n\n\n<p>I contributi possono riguardare tutti gli ordini di scuola oppure riferirsi all&#8217;istruzione precoce, alla scuola primaria, compresa quella a tempo pieno, all\u2019<em>extended education <\/em>e alla scuola secondaria.&nbsp;<\/p>\n\n\n\n<p>Possono essere presentati due tipi di contributi:<strong> presentazione breve o workshop<\/strong>.&nbsp;<\/p>\n\n\n\n<p>\u00c8 prevista l&#8217;organizzazione di panel e workshop in italiano, tedesco o bilingue d\/it, in casi eccezionali anche in inglese.<\/p>\n\n\n\n<div style=\"height:70px\" aria-hidden=\"true\" class=\"wp-block-spacer\"><\/div>\n\n\n\n<p><strong><mark style=\"background-color:rgba(0, 0, 0, 0)\" class=\"has-inline-color has-vivid-green-cyan-color\">INDICAZIONI PER LA PRESENTAZIONE DEI CONTRIBUTI<\/mark><\/strong><br><\/p>\n\n\n\n<div style=\"height:30px\" aria-hidden=\"true\" class=\"wp-block-spacer\"><\/div>\n\n\n\n<p><strong>Forme di contributo<\/strong>:<\/p>\n\n\n\n<ol style=\"list-style-type:upper-alpha\" class=\"wp-block-list\">\n<li>Presentazioni brevi (15 minuti).<\/li>\n\n\n\n<li>Workshop (45 minuti).<\/li>\n<\/ol>\n\n\n\n<p>Gli abstract per le presentazioni brevi e i workshop possono essere inviati per e-mail a <a href=\"mailto:sara.baroni@unibz.it\">sara.baroni@unibz.it<\/a> entro il <strong>10 ottobre 2024<\/strong>.&nbsp;<\/p>\n\n\n\n<div style=\"height:30px\" aria-hidden=\"true\" class=\"wp-block-spacer\"><\/div>\n\n\n\n<p><strong>Le candidature devono includere<\/strong>:<\/p>\n\n\n\n<ul class=\"wp-block-list\">\n<li>Titolo.<\/li>\n\n\n\n<li>Abstract: lunghezza massima 1.000 caratteri, spazi inclusi (bibliografia esclusa).<\/li>\n\n\n\n<li>Informazioni sulla lingua della conferenza o del workshop (italiano, tedesco, bilingue it\/d o inglese).<\/li>\n\n\n\n<li>Autori con nomi, indirizzi e-mail, istituzione.<\/li>\n\n\n\n<li>Tre o cinque parole chiave (nella lingua dell&#8217;abstract).<\/li>\n<\/ul>\n\n\n\n<div style=\"height:30px\" aria-hidden=\"true\" class=\"wp-block-spacer\"><\/div>\n\n\n\n<p><strong>Criteri di selezione:<\/strong><\/p>\n\n\n\n<ul class=\"wp-block-list\">\n<li>Pertinenza al tema della conferenza.&nbsp;<\/li>\n\n\n\n<li>Attualit\u00e0 e originalit\u00e0 dell&#8217;argomento.<\/li>\n\n\n\n<li>Chiarezza dello stato dell\u2019arte e dei riferimenti teorici.<\/li>\n\n\n\n<li>Qualit\u00e0 metodologica\/ rigore.<\/li>\n\n\n\n<li>Rilevanza professionale\/ rilevanza pratica.<\/li>\n<\/ul>\n\n\n\n<div style=\"height:20px\" aria-hidden=\"true\" class=\"wp-block-spacer\"><\/div>\n\n\n\n<p>Il feedback sull&#8217;accettazione dei contributi presentati sar\u00e0 fornito entro la met\u00e0 di novembre 2024.<\/p>\n\n\n\n<p>Tutti gli autori e i coautori di un contributo dovranno registrarsi alla conferenza. La quota di iscrizione alla conferenza sar\u00e0 di <strong>50 euro<\/strong>.<\/p>\n\n\n\n<div style=\"height:100px\" aria-hidden=\"true\" class=\"wp-block-spacer\"><\/div>\n\n\n\n<p class=\"has-text-align-right\">Evento a cura del <a href=\"https:\/\/www.unibz.it\/it\/home\/research\/competence-center-school-inclusion\/\">Centro di Competenza per l\u2019Inclusione Scolastica della Libera Universit\u00e0 di Bolzano<\/a>:<\/p>\n\n\n\n<p class=\"has-text-align-right\"><strong>Comitato organizzativo e scientifico<\/strong>:<\/p>\n\n\n\n<p class=\"has-text-align-right\">Simone Seitz, Sara Baroni, Giulia Consalvo,<br>Heidrun Demo, Anna Frizzarin,<br>Vanessa Macchia, Stefania Torri.<\/p>\n\n\n\n<p class=\"has-text-align-right\"><strong>Organizzazione<\/strong>: Sara Baroni, Silver Cappello, Janica Pisciali.<\/p>\n\n\n\n<p class=\"has-text-align-right\"><\/p>\n\n\n\n<p><\/p>\n","protected":false},"excerpt":{"rendered":"<p>Call for papers Il Centro di Competenza per l\u2019Inclusione Scolastica della Libera Universit\u00e0 di Bolzano annuncia la Call for Papers per la IX edizione del Convegno DIDATTICA E INCLUSIONE SCOLASTICA &#8211; INKLUSION IM BILDUNGSBEREICH equit\u00e0 e sostenibilit\u00e0 &#8211; Kontexte und Kontraste La conferenza si terr\u00e0 a Bressanone nei giorni 9 [&hellip;]<\/p>\n","protected":false},"author":7,"featured_media":1302,"parent":0,"menu_order":0,"comment_status":"closed","ping_status":"closed","template":"","meta":{"footnotes":""},"class_list":["post-1322","page","type-page","status-publish","has-post-thumbnail","hentry"],"yoast_head":"<!-- This site is optimized with the Yoast SEO plugin v27.5 - https:\/\/yoast.com\/product\/yoast-seo-wordpress\/ -->\n<title>Call for papers 2025 - Didattica e inclusione scolastica<\/title>\n<meta name=\"robots\" content=\"index, follow, max-snippet:-1, max-image-preview:large, max-video-preview:-1\" \/>\n<link rel=\"canonical\" href=\"https:\/\/didatticainclusione.events.unibz.it\/?page_id=1322\" \/>\n<meta property=\"og:locale\" content=\"en_US\" \/>\n<meta property=\"og:type\" content=\"article\" \/>\n<meta property=\"og:title\" content=\"Call for papers 2025 - Didattica e inclusione scolastica\" \/>\n<meta property=\"og:description\" content=\"Call for papers Il Centro di Competenza per l\u2019Inclusione Scolastica della Libera Universit\u00e0 di Bolzano annuncia la Call for Papers per la IX edizione del Convegno DIDATTICA E INCLUSIONE SCOLASTICA &#8211; INKLUSION IM BILDUNGSBEREICH equit\u00e0 e sostenibilit\u00e0 &#8211; Kontexte und Kontraste La conferenza si terr\u00e0 a Bressanone nei giorni 9 [&hellip;]\" \/>\n<meta property=\"og:url\" content=\"https:\/\/didatticainclusione.events.unibz.it\/?page_id=1322\" \/>\n<meta property=\"og:site_name\" content=\"Didattica e inclusione scolastica\" \/>\n<meta property=\"article:modified_time\" content=\"2025-02-06T14:02:18+00:00\" \/>\n<meta property=\"og:image\" content=\"http:\/\/didatticainclusione.events.unibz.it\/wp-content\/uploads\/2024\/05\/Illustrazione_08_verde-3-jpg-1.jpg\" \/>\n\t<meta property=\"og:image:width\" content=\"2362\" \/>\n\t<meta property=\"og:image:height\" content=\"1080\" \/>\n\t<meta property=\"og:image:type\" content=\"image\/jpeg\" \/>\n<meta name=\"twitter:card\" content=\"summary_large_image\" \/>\n<meta name=\"twitter:label1\" content=\"Est. reading time\" \/>\n\t<meta name=\"twitter:data1\" content=\"3 minutes\" \/>\n<script type=\"application\/ld+json\" class=\"yoast-schema-graph\">{\"@context\":\"https:\\\/\\\/schema.org\",\"@graph\":[{\"@type\":\"WebPage\",\"@id\":\"https:\\\/\\\/didatticainclusione.events.unibz.it\\\/?page_id=1322\",\"url\":\"https:\\\/\\\/didatticainclusione.events.unibz.it\\\/?page_id=1322\",\"name\":\"Call for papers 2025 - Didattica e inclusione scolastica\",\"isPartOf\":{\"@id\":\"https:\\\/\\\/didatticainclusione.events.unibz.it\\\/#website\"},\"primaryImageOfPage\":{\"@id\":\"https:\\\/\\\/didatticainclusione.events.unibz.it\\\/?page_id=1322#primaryimage\"},\"image\":{\"@id\":\"https:\\\/\\\/didatticainclusione.events.unibz.it\\\/?page_id=1322#primaryimage\"},\"thumbnailUrl\":\"https:\\\/\\\/didatticainclusione.events.unibz.it\\\/wp-content\\\/uploads\\\/2024\\\/05\\\/Illustrazione_08_verde-3-jpg-1.jpg\",\"datePublished\":\"2024-05-17T07:18:22+00:00\",\"dateModified\":\"2025-02-06T14:02:18+00:00\",\"breadcrumb\":{\"@id\":\"https:\\\/\\\/didatticainclusione.events.unibz.it\\\/?page_id=1322#breadcrumb\"},\"inLanguage\":\"en-US\",\"potentialAction\":[{\"@type\":\"ReadAction\",\"target\":[\"https:\\\/\\\/didatticainclusione.events.unibz.it\\\/?page_id=1322\"]}]},{\"@type\":\"ImageObject\",\"inLanguage\":\"en-US\",\"@id\":\"https:\\\/\\\/didatticainclusione.events.unibz.it\\\/?page_id=1322#primaryimage\",\"url\":\"https:\\\/\\\/didatticainclusione.events.unibz.it\\\/wp-content\\\/uploads\\\/2024\\\/05\\\/Illustrazione_08_verde-3-jpg-1.jpg\",\"contentUrl\":\"https:\\\/\\\/didatticainclusione.events.unibz.it\\\/wp-content\\\/uploads\\\/2024\\\/05\\\/Illustrazione_08_verde-3-jpg-1.jpg\",\"width\":2362,\"height\":1080},{\"@type\":\"BreadcrumbList\",\"@id\":\"https:\\\/\\\/didatticainclusione.events.unibz.it\\\/?page_id=1322#breadcrumb\",\"itemListElement\":[{\"@type\":\"ListItem\",\"position\":1,\"name\":\"Home\",\"item\":\"https:\\\/\\\/didatticainclusione.events.unibz.it\\\/\"},{\"@type\":\"ListItem\",\"position\":2,\"name\":\"Call for papers 2025\"}]},{\"@type\":\"WebSite\",\"@id\":\"https:\\\/\\\/didatticainclusione.events.unibz.it\\\/#website\",\"url\":\"https:\\\/\\\/didatticainclusione.events.unibz.it\\\/\",\"name\":\"Didattica e inclusione scolastica\",\"description\":\"Just another WordPress site\",\"potentialAction\":[{\"@type\":\"SearchAction\",\"target\":{\"@type\":\"EntryPoint\",\"urlTemplate\":\"https:\\\/\\\/didatticainclusione.events.unibz.it\\\/?s={search_term_string}\"},\"query-input\":{\"@type\":\"PropertyValueSpecification\",\"valueRequired\":true,\"valueName\":\"search_term_string\"}}],\"inLanguage\":\"en-US\"}]}<\/script>\n<!-- \/ Yoast SEO plugin. -->","yoast_head_json":{"title":"Call for papers 2025 - Didattica e inclusione scolastica","robots":{"index":"index","follow":"follow","max-snippet":"max-snippet:-1","max-image-preview":"max-image-preview:large","max-video-preview":"max-video-preview:-1"},"canonical":"https:\/\/didatticainclusione.events.unibz.it\/?page_id=1322","og_locale":"en_US","og_type":"article","og_title":"Call for papers 2025 - Didattica e inclusione scolastica","og_description":"Call for papers Il Centro di Competenza per l\u2019Inclusione Scolastica della Libera Universit\u00e0 di Bolzano annuncia la Call for Papers per la IX edizione del Convegno DIDATTICA E INCLUSIONE SCOLASTICA &#8211; INKLUSION IM BILDUNGSBEREICH equit\u00e0 e sostenibilit\u00e0 &#8211; Kontexte und Kontraste La conferenza si terr\u00e0 a Bressanone nei giorni 9 [&hellip;]","og_url":"https:\/\/didatticainclusione.events.unibz.it\/?page_id=1322","og_site_name":"Didattica e inclusione scolastica","article_modified_time":"2025-02-06T14:02:18+00:00","og_image":[{"width":2362,"height":1080,"url":"http:\/\/didatticainclusione.events.unibz.it\/wp-content\/uploads\/2024\/05\/Illustrazione_08_verde-3-jpg-1.jpg","type":"image\/jpeg"}],"twitter_card":"summary_large_image","twitter_misc":{"Est. reading time":"3 minutes"},"schema":{"@context":"https:\/\/schema.org","@graph":[{"@type":"WebPage","@id":"https:\/\/didatticainclusione.events.unibz.it\/?page_id=1322","url":"https:\/\/didatticainclusione.events.unibz.it\/?page_id=1322","name":"Call for papers 2025 - Didattica e inclusione scolastica","isPartOf":{"@id":"https:\/\/didatticainclusione.events.unibz.it\/#website"},"primaryImageOfPage":{"@id":"https:\/\/didatticainclusione.events.unibz.it\/?page_id=1322#primaryimage"},"image":{"@id":"https:\/\/didatticainclusione.events.unibz.it\/?page_id=1322#primaryimage"},"thumbnailUrl":"https:\/\/didatticainclusione.events.unibz.it\/wp-content\/uploads\/2024\/05\/Illustrazione_08_verde-3-jpg-1.jpg","datePublished":"2024-05-17T07:18:22+00:00","dateModified":"2025-02-06T14:02:18+00:00","breadcrumb":{"@id":"https:\/\/didatticainclusione.events.unibz.it\/?page_id=1322#breadcrumb"},"inLanguage":"en-US","potentialAction":[{"@type":"ReadAction","target":["https:\/\/didatticainclusione.events.unibz.it\/?page_id=1322"]}]},{"@type":"ImageObject","inLanguage":"en-US","@id":"https:\/\/didatticainclusione.events.unibz.it\/?page_id=1322#primaryimage","url":"https:\/\/didatticainclusione.events.unibz.it\/wp-content\/uploads\/2024\/05\/Illustrazione_08_verde-3-jpg-1.jpg","contentUrl":"https:\/\/didatticainclusione.events.unibz.it\/wp-content\/uploads\/2024\/05\/Illustrazione_08_verde-3-jpg-1.jpg","width":2362,"height":1080},{"@type":"BreadcrumbList","@id":"https:\/\/didatticainclusione.events.unibz.it\/?page_id=1322#breadcrumb","itemListElement":[{"@type":"ListItem","position":1,"name":"Home","item":"https:\/\/didatticainclusione.events.unibz.it\/"},{"@type":"ListItem","position":2,"name":"Call for papers 2025"}]},{"@type":"WebSite","@id":"https:\/\/didatticainclusione.events.unibz.it\/#website","url":"https:\/\/didatticainclusione.events.unibz.it\/","name":"Didattica e inclusione scolastica","description":"Just another WordPress site","potentialAction":[{"@type":"SearchAction","target":{"@type":"EntryPoint","urlTemplate":"https:\/\/didatticainclusione.events.unibz.it\/?s={search_term_string}"},"query-input":{"@type":"PropertyValueSpecification","valueRequired":true,"valueName":"search_term_string"}}],"inLanguage":"en-US"}]}},"_links":{"self":[{"href":"https:\/\/didatticainclusione.events.unibz.it\/index.php?rest_route=\/wp\/v2\/pages\/1322","targetHints":{"allow":["GET"]}}],"collection":[{"href":"https:\/\/didatticainclusione.events.unibz.it\/index.php?rest_route=\/wp\/v2\/pages"}],"about":[{"href":"https:\/\/didatticainclusione.events.unibz.it\/index.php?rest_route=\/wp\/v2\/types\/page"}],"author":[{"embeddable":true,"href":"https:\/\/didatticainclusione.events.unibz.it\/index.php?rest_route=\/wp\/v2\/users\/7"}],"replies":[{"embeddable":true,"href":"https:\/\/didatticainclusione.events.unibz.it\/index.php?rest_route=%2Fwp%2Fv2%2Fcomments&post=1322"}],"version-history":[{"count":7,"href":"https:\/\/didatticainclusione.events.unibz.it\/index.php?rest_route=\/wp\/v2\/pages\/1322\/revisions"}],"predecessor-version":[{"id":1490,"href":"https:\/\/didatticainclusione.events.unibz.it\/index.php?rest_route=\/wp\/v2\/pages\/1322\/revisions\/1490"}],"wp:featuredmedia":[{"embeddable":true,"href":"https:\/\/didatticainclusione.events.unibz.it\/index.php?rest_route=\/wp\/v2\/media\/1302"}],"wp:attachment":[{"href":"https:\/\/didatticainclusione.events.unibz.it\/index.php?rest_route=%2Fwp%2Fv2%2Fmedia&parent=1322"}],"curies":[{"name":"wp","href":"https:\/\/api.w.org\/{rel}","templated":true}]}}